CRAN Package Check Results for Package signs

Last updated on 2025-05-28 06:51:40 CEST.

Flavor Version Tinstall Tcheck Ttotal Status Flags
r-devel-linux-x86_64-debian-clang 0.1.2 3.48 46.63 50.11 OK
r-devel-linux-x86_64-debian-gcc 0.1.2 2.40 35.68 38.08 OK
r-devel-linux-x86_64-fedora-clang 0.1.2 79.83 OK
r-devel-linux-x86_64-fedora-gcc 0.1.2 88.56 OK
r-devel-windows-x86_64 0.1.2 5.00 62.00 67.00 OK
r-patched-linux-x86_64 0.1.2 3.14 44.56 47.70 OK
r-release-linux-x86_64 0.1.2 3.43 45.05 48.48 OK
r-release-macos-arm64 0.1.2 41.00 OK
r-release-macos-x86_64 0.1.2 52.00 OK
r-release-windows-x86_64 0.1.2 5.00 63.00 68.00 OK
r-oldrel-macos-arm64 0.1.2 28.00 NOTE
r-oldrel-macos-x86_64 0.1.2 44.00 NOTE
r-oldrel-windows-x86_64 0.1.2 5.00 75.00 80.00 NOTE

Check Details

Version: 0.1.2
Check: LazyData
Result: NOTE 'LazyData' is specified without a 'data' directory Flavors: r-oldrel-macos-arm64, r-oldrel-macos-x86_64, r-oldrel-windows-x86_64

mirror server hosted at Truenetwork, Russian Federation.