CRAN Package Check Results for Package simExam

Last updated on 2025-02-22 17:49:59 CET.

Flavor Version Tinstall Tcheck Ttotal Status Flags
r-devel-linux-x86_64-debian-clang 1.0.0 7.08 62.61 69.69 OK
r-devel-linux-x86_64-debian-gcc 1.0.0 5.32 46.35 51.67 OK
r-devel-linux-x86_64-fedora-clang 1.0.0 109.78 OK
r-devel-linux-x86_64-fedora-gcc 1.0.0 105.31 OK
r-devel-macos-arm64 1.0.0 36.00 OK
r-devel-macos-x86_64 1.0.0 72.00 OK
r-devel-windows-x86_64 1.0.0 8.00 73.00 81.00 OK
r-patched-linux-x86_64 1.0.0 7.71 58.69 66.40 NOTE
r-release-linux-x86_64 1.0.0 6.77 57.95 64.72 NOTE
r-release-macos-arm64 1.0.0 29.00 NOTE
r-release-macos-x86_64 1.0.0 48.00 NOTE
r-release-windows-x86_64 1.0.0 9.00 73.00 82.00 NOTE
r-oldrel-macos-arm64 1.0.0 33.00 NOTE
r-oldrel-macos-x86_64 1.0.0 48.00 NOTE
r-oldrel-windows-x86_64 1.0.0 12.00 87.00 99.00 NOTE

Check Details

Version: 1.0.0
Check: LazyData
Result: NOTE 'LazyData' is specified without a 'data' directory Flavors: r-patched-linux-x86_64, r-release-linux-x86_64, r-release-macos-arm64, r-release-macos-x86_64, r-release-windows-x86_64, r-oldrel-macos-arm64, r-oldrel-macos-x86_64, r-oldrel-windows-x86_64

mirror server hosted at Truenetwork, Russian Federation.