CRAN Package Check Results for Package simpleboot

Last updated on 2025-11-02 23:49:52 CET.

Flavor Version Tinstall Tcheck Ttotal Status Flags
r-devel-linux-x86_64-debian-clang 1.1-8 1.90 36.30 38.20 NOTE
r-devel-linux-x86_64-debian-gcc 1.1-8 1.48 25.63 27.11 NOTE
r-devel-linux-x86_64-fedora-clang 1.1-8 57.81 OK
r-devel-linux-x86_64-fedora-gcc 1.1-8 56.01 OK
r-devel-windows-x86_64 1.1-8 3.00 53.00 56.00 OK
r-patched-linux-x86_64 1.1-8 1.93 34.22 36.15 OK
r-release-linux-x86_64 1.1-8 1.85 34.59 36.44 OK
r-release-macos-arm64 1.1-8 1.00 19.00 20.00 OK
r-release-macos-x86_64 1.1-8 2.00 35.00 37.00 OK
r-release-windows-x86_64 1.1-8 3.00 53.00 56.00 OK
r-oldrel-macos-arm64 1.1-8 1.00 21.00 22.00 OK
r-oldrel-macos-x86_64 1.1-8 4.00 50.00 54.00 OK
r-oldrel-windows-x86_64 1.1-8 3.00 61.00 64.00 OK

Check Details

Version: 1.1-8
Check: CRAN incoming feasibility
Result: NOTE Maintainer: ‘Roger D. Peng <roger.peng@austin.utexas.edu>’ No Authors@R field in DESCRIPTION. Please add one, modifying Authors@R: person(given = c("Roger", "D."), family = "Peng", role = c("aut", "cre"), email = "roger.peng@austin.utexas.edu") as necessary. Flavors: r-devel-linux-x86_64-debian-clang, r-devel-linux-x86_64-debian-gcc

mirror server hosted at Truenetwork, Russian Federation.