CRAN Package Check Results for Package simplermarkdown

Last updated on 2025-11-02 17:49:52 CET.

Flavor Version Tinstall Tcheck Ttotal Status Flags
r-devel-linux-x86_64-debian-clang 0.0.6 2.06 25.83 27.89 NOTE
r-devel-linux-x86_64-debian-gcc 0.0.6 1.74 21.62 23.36 NOTE
r-devel-linux-x86_64-fedora-clang 0.0.6 42.41 NOTE
r-devel-linux-x86_64-fedora-gcc 0.0.6 54.37 NOTE
r-devel-windows-x86_64 0.0.6 3.00 48.00 51.00 NOTE
r-patched-linux-x86_64 0.0.6 2.40 24.54 26.94 NOTE
r-release-linux-x86_64 0.0.6 2.21 24.34 26.55 NOTE
r-release-macos-arm64 0.0.6 1.00 23.00 24.00 NOTE
r-release-macos-x86_64 0.0.6 2.00 39.00 41.00 NOTE
r-release-windows-x86_64 0.0.6 3.00 47.00 50.00 NOTE
r-oldrel-macos-arm64 0.0.6 1.00 23.00 24.00 OK
r-oldrel-macos-x86_64 0.0.6 2.00 31.00 33.00 OK
r-oldrel-windows-x86_64 0.0.6 4.00 52.00 56.00 OK

Check Details

Version: 0.0.6
Check: DESCRIPTION meta-information
Result: NOTE Missing dependency on R >= 4.1.0 because package code uses the pipe |> or function shorthand \(...) syntax added in R 4.1.0. File(s) using such syntax: ‘markdown_block.R’ Flavors: r-devel-linux-x86_64-debian-clang, r-devel-linux-x86_64-debian-gcc, r-devel-linux-x86_64-fedora-clang, r-devel-linux-x86_64-fedora-gcc, r-devel-windows-x86_64, r-patched-linux-x86_64, r-release-linux-x86_64, r-release-macos-arm64, r-release-macos-x86_64, r-release-windows-x86_64

mirror server hosted at Truenetwork, Russian Federation.