Last updated on 2025-02-22 17:49:59 CET.
Flavor | Version | Tinstall | Tcheck | Ttotal | Status | Flags |
---|---|---|---|---|---|---|
r-devel-linux-x86_64-debian-clang | 1.0-12 | 5.62 | 72.95 | 78.57 | NOTE | |
r-devel-linux-x86_64-debian-gcc | 1.0-12 | 3.72 | 55.11 | 58.83 | NOTE | |
r-devel-linux-x86_64-fedora-clang | 1.0-12 | 122.01 | OK | |||
r-devel-linux-x86_64-fedora-gcc | 1.0-12 | 116.38 | OK | |||
r-devel-macos-arm64 | 1.0-12 | 50.00 | OK | |||
r-devel-macos-x86_64 | 1.0-12 | 92.00 | OK | |||
r-devel-windows-x86_64 | 1.0-12 | 7.00 | 105.00 | 112.00 | NOTE | |
r-patched-linux-x86_64 | 1.0-12 | 7.21 | 67.49 | 74.70 | OK | |
r-release-linux-x86_64 | 1.0-12 | 4.39 | 68.43 | 72.82 | OK | |
r-release-macos-arm64 | 1.0-12 | 49.00 | NOTE | |||
r-release-macos-x86_64 | 1.0-12 | 76.00 | NOTE | |||
r-release-windows-x86_64 | 1.0-12 | 7.00 | 102.00 | 109.00 | OK | |
r-oldrel-macos-arm64 | 1.0-12 | 66.00 | NOTE | |||
r-oldrel-macos-x86_64 | 1.0-12 | 127.00 | NOTE | |||
r-oldrel-windows-x86_64 | 1.0-12 | 8.00 | 132.00 | 140.00 | OK |
Version: 1.0-12
Check: Rd cross-references
Result: NOTE
Found the following Rd file(s) with Rd \link{} targets missing package
anchors:
device.Rd: pdf.end
Please provide package anchors for all Rd \link{} targets not in the
package itself and the base packages.
Flavors: r-devel-linux-x86_64-debian-clang, r-devel-linux-x86_64-debian-gcc, r-devel-windows-x86_64
Version: 1.0-12
Check: for unstated dependencies in ‘demo’
Result: NOTE
'::' or ':::' import not declared from: ‘codetools’
Flavors: r-devel-linux-x86_64-debian-clang, r-devel-linux-x86_64-debian-gcc
Version: 1.0-12
Check: package dependencies
Result: NOTE
Package suggested but not available for checking: ‘Rmpi’
Flavors: r-release-macos-arm64, r-release-macos-x86_64, r-oldrel-macos-arm64, r-oldrel-macos-x86_64
Version: 1.0-12
Check: Rd cross-references
Result: NOTE
Package unavailable to check Rd xrefs: ‘Rmpi’
Flavors: r-release-macos-arm64, r-release-macos-x86_64, r-oldrel-macos-arm64, r-oldrel-macos-x86_64