CRAN Package Check Results for Package sistmr

Last updated on 2025-11-24 11:50:20 CET.

Flavor Version Tinstall Tcheck Ttotal Status Flags
r-devel-linux-x86_64-debian-clang 0.1.1 6.77 63.50 70.27 NOTE
r-devel-linux-x86_64-debian-gcc 0.1.1 4.67 44.11 48.78 NOTE
r-devel-linux-x86_64-fedora-clang 0.1.1 16.00 90.08 106.08 OK
r-devel-linux-x86_64-fedora-gcc 0.1.1 35.00 71.06 106.06 OK
r-devel-windows-x86_64 0.1.1 11.00 69.00 80.00 OK
r-patched-linux-x86_64 0.1.1 6.42 56.93 63.35 OK
r-release-linux-x86_64 0.1.1 5.63 56.39 62.02 OK
r-release-macos-arm64 0.1.1 OK
r-release-macos-x86_64 0.1.1 4.00 43.00 47.00 OK
r-release-windows-x86_64 0.1.1 8.00 80.00 88.00 OK
r-oldrel-macos-arm64 0.1.1 OK
r-oldrel-macos-x86_64 0.1.1 4.00 35.00 39.00 OK
r-oldrel-windows-x86_64 0.1.1 10.00 86.00 96.00 OK

Check Details

Version: 0.1.1
Check: CRAN incoming feasibility
Result: NOTE Maintainer: ‘Mélanie Huchon <melanie.huchon@u-bordeaux.fr>’ No Authors@R field in DESCRIPTION. Please add one, modifying Authors@R: c(person(given = "Boris", family = "Hejblum", role = "aut"), person(given = "Mélanie", family = "Huchon", role = c("aut", "cre"), email = "melanie.huchon@u-bordeaux.fr")) as necessary. Flavors: r-devel-linux-x86_64-debian-clang, r-devel-linux-x86_64-debian-gcc

mirror server hosted at Truenetwork, Russian Federation.