CRAN Package Check Results for Package sits

Last updated on 2025-11-03 17:50:03 CET.

Flavor Version Tinstall Tcheck Ttotal Status Flags
r-devel-linux-x86_64-debian-clang 1.5.3-2 183.49 245.92 429.41 OK
r-devel-linux-x86_64-debian-gcc 1.5.3-2 111.73 157.04 268.77 OK
r-devel-linux-x86_64-fedora-clang 1.5.3-2 840.00 -76.24 763.76 OK
r-devel-linux-x86_64-fedora-gcc 1.5.3-2 452.00 148.65 600.65 OK
r-devel-windows-x86_64 1.5.3-2 194.00 234.00 428.00 WARN
r-patched-linux-x86_64 1.5.3-2 168.17 226.53 394.70 OK
r-release-linux-x86_64 1.5.3-2 179.93 229.62 409.55 OK
r-release-macos-arm64 1.5.3-2 69.00 75.00 144.00 OK
r-release-macos-x86_64 1.5.3-2 84.00 171.00 255.00 OK
r-release-windows-x86_64 1.5.3-2 194.00 238.00 432.00 WARN
r-oldrel-macos-arm64 1.5.3-2 60.00 76.00 136.00 NOTE
r-oldrel-macos-x86_64 1.5.3-2 84.00 165.00 249.00 NOTE
r-oldrel-windows-x86_64 1.5.3-2 243.00 304.00 547.00 WARN

Check Details

Version: 1.5.3-2
Check: dependencies in R code
Result: NOTE Torch libraries are installed but loading them was unsuccessful. Torch libraries are installed but loading them was unsuccessful. Flavors: r-devel-windows-x86_64, r-release-windows-x86_64, r-oldrel-windows-x86_64

Version: 1.5.3-2
Check: S3 generic/method consistency
Result: WARN Torch libraries are installed but loading them was unsuccessful. Torch libraries are installed but loading them was unsuccessful. See section 'Generic functions and methods' in the 'Writing R Extensions' manual. Flavors: r-devel-windows-x86_64, r-release-windows-x86_64, r-oldrel-windows-x86_64

Version: 1.5.3-2
Check: foreign function calls
Result: NOTE Torch libraries are installed but loading them was unsuccessful. Torch libraries are installed but loading them was unsuccessful. See chapter 'System and foreign language interfaces' in the 'Writing R Extensions' manual. Flavors: r-devel-windows-x86_64, r-release-windows-x86_64, r-oldrel-windows-x86_64

Version: 1.5.3-2
Check: for code/documentation mismatches
Result: WARN Torch libraries are installed but loading them was unsuccessful. Torch libraries are installed but loading them was unsuccessful. Flavors: r-devel-windows-x86_64, r-release-windows-x86_64, r-oldrel-windows-x86_64

Version: 1.5.3-2
Check: Rd \usage sections
Result: NOTE Torch libraries are installed but loading them was unsuccessful. Torch libraries are installed but loading them was unsuccessful. The \usage entries for S3 methods should use the \method markup and not their full name. See chapter 'Writing R documentation files' in the 'Writing R Extensions' manual. Flavors: r-devel-windows-x86_64, r-release-windows-x86_64, r-oldrel-windows-x86_64

Version: 1.5.3-2
Check: installed package size
Result: NOTE installed size is 12.9Mb sub-directories of 1Mb or more: R 2.1Mb extdata 1.0Mb libs 8.9Mb Flavors: r-oldrel-macos-arm64, r-oldrel-macos-x86_64

mirror server hosted at Truenetwork, Russian Federation.