CRAN Package Check Results for Package slasso

Last updated on 2025-11-24 11:50:20 CET.

Flavor Version Tinstall Tcheck Ttotal Status Flags
r-devel-linux-x86_64-debian-clang 1.0.0 50.49 49.60 100.09 WARN
r-devel-linux-x86_64-debian-gcc 1.0.0 43.76 39.55 83.31 WARN
r-devel-linux-x86_64-fedora-clang 1.0.0 119.00 47.08 166.08 NOTE
r-devel-linux-x86_64-fedora-gcc 1.0.0 216.00 -56.27 159.73 NOTE
r-devel-windows-x86_64 1.0.0 146.00 78.00 224.00 OK
r-patched-linux-x86_64 1.0.0 52.75 46.57 99.32 NOTE
r-release-linux-x86_64 1.0.0 48.51 47.04 95.55 NOTE
r-release-macos-arm64 1.0.0 NOTE
r-release-macos-x86_64 1.0.0 37.00 49.00 86.00 NOTE
r-release-windows-x86_64 1.0.0 179.00 84.00 263.00 OK
r-oldrel-macos-arm64 1.0.0 NOTE
r-oldrel-macos-x86_64 1.0.0 27.00 42.00 69.00 NOTE
r-oldrel-windows-x86_64 1.0.0 66.00 97.00 163.00 OK

Check Details

Version: 1.0.0
Check: CRAN incoming feasibility
Result: NOTE Maintainer: ‘Fabio Centofanti <fabio.centofanti@unina.it>’ The Description field contains <arXiv:2007.00529>. Please refer to arXiv e-prints via their arXiv DOI <doi:10.48550/arXiv.YYMM.NNNNN>. The BugReports field in DESCRIPTION has https://github.com/unina-sfere/slasso which should likely be https://github.com/unina-sfere/slasso/issues instead. Flavors: r-devel-linux-x86_64-debian-clang, r-devel-linux-x86_64-debian-gcc

Version: 1.0.0
Check: whether package can be installed
Result: WARN Found the following significant warnings: /home/hornik/tmp/R.check/r-devel-clang/Work/build/Packages/RcppArmadillo/include/RcppArmadillo/version/arma.h:66:17: warning: Using fallback compilation with Armadillo 14.6.3. Please consider defining -DARMA_USE_CURRENT and also removing C++11 compilation directive. See GitHub issue #475 for more. [-W#pragma-messages] See ‘/home/hornik/tmp/R.check/r-devel-clang/Work/PKGS/slasso.Rcheck/00install.out’ for details. * used C++ compiler: ‘Debian clang version 21.1.5 (1)’ Flavor: r-devel-linux-x86_64-debian-clang

Version: 1.0.0
Check: C++ specification
Result: NOTE Specified C++11: please drop specification unless essential Flavors: r-devel-linux-x86_64-debian-clang, r-devel-linux-x86_64-debian-gcc, r-devel-linux-x86_64-fedora-clang, r-devel-linux-x86_64-fedora-gcc, r-patched-linux-x86_64, r-release-linux-x86_64, r-release-macos-arm64, r-release-macos-x86_64, r-oldrel-macos-arm64, r-oldrel-macos-x86_64

Version: 1.0.0
Check: whether package can be installed
Result: WARN Found the following significant warnings: /home/hornik/tmp/R.check/r-devel-gcc/Work/build/Packages/RcppArmadillo/include/RcppArmadillo/version/arma.h:66:199: note: ‘#pragma message: Using fallback compilation with Armadillo 14.6.3. Please consider defining -DARMA_USE_CURRENT and also removing C++11 compilation directive. See GitHub issue #475 for more.’ See ‘/home/hornik/tmp/R.check/r-devel-gcc/Work/PKGS/slasso.Rcheck/00install.out’ for details. * used C++ compiler: ‘g++-15 (Debian 15.2.0-7) 15.2.0’ Flavor: r-devel-linux-x86_64-debian-gcc

Version: 1.0.0
Check: dependencies in R code
Result: NOTE Namespace in Imports field not imported from: ‘RcppArmadillo’ All declared Imports should be used. Flavors: r-devel-linux-x86_64-fedora-clang, r-devel-linux-x86_64-fedora-gcc

mirror server hosted at Truenetwork, Russian Federation.