Last updated on 2025-05-28 06:51:40 CEST.
Flavor | Version | Tinstall | Tcheck | Ttotal | Status | Flags |
---|---|---|---|---|---|---|
r-devel-linux-x86_64-debian-clang | 1.0.0 | 50.47 | 46.50 | 96.97 | NOTE | |
r-devel-linux-x86_64-debian-gcc | 1.0.0 | 47.62 | 36.09 | 83.71 | NOTE | |
r-devel-linux-x86_64-fedora-clang | 1.0.0 | 166.67 | NOTE | |||
r-devel-linux-x86_64-fedora-gcc | 1.0.0 | 142.47 | NOTE | |||
r-devel-windows-x86_64 | 1.0.0 | 267.00 | 82.00 | 349.00 | OK | |
r-patched-linux-x86_64 | 1.0.0 | 57.14 | 45.42 | 102.56 | NOTE | |
r-release-linux-x86_64 | 1.0.0 | 49.43 | 45.76 | 95.19 | NOTE | |
r-release-macos-arm64 | 1.0.0 | 58.00 | NOTE | |||
r-release-macos-x86_64 | 1.0.0 | 86.00 | NOTE | |||
r-release-windows-x86_64 | 1.0.0 | 163.00 | 78.00 | 241.00 | OK | |
r-oldrel-macos-arm64 | 1.0.0 | 42.00 | NOTE | |||
r-oldrel-macos-x86_64 | 1.0.0 | 69.00 | NOTE | |||
r-oldrel-windows-x86_64 | 1.0.0 | 67.00 | 96.00 | 163.00 | OK |
Version: 1.0.0
Check: CRAN incoming feasibility
Result: NOTE
Maintainer: ‘Fabio Centofanti <fabio.centofanti@unina.it>’
The Description field contains
<arXiv:2007.00529>.
Please refer to arXiv e-prints via their arXiv DOI <doi:10.48550/arXiv.YYMM.NNNNN>.
The BugReports field in DESCRIPTION has
https://github.com/unina-sfere/slasso
which should likely be
https://github.com/unina-sfere/slasso/issues
instead.
Flavors: r-devel-linux-x86_64-debian-clang, r-devel-linux-x86_64-debian-gcc
Version: 1.0.0
Check: C++ specification
Result: NOTE
Specified C++11: please drop specification unless essential
Flavors: r-devel-linux-x86_64-debian-clang, r-devel-linux-x86_64-debian-gcc, r-devel-linux-x86_64-fedora-clang, r-devel-linux-x86_64-fedora-gcc, r-patched-linux-x86_64, r-release-linux-x86_64, r-release-macos-arm64, r-release-macos-x86_64, r-oldrel-macos-arm64, r-oldrel-macos-x86_64
Version: 1.0.0
Check: dependencies in R code
Result: NOTE
Namespace in Imports field not imported from: ‘RcppArmadillo’
All declared Imports should be used.
Flavors: r-devel-linux-x86_64-fedora-clang, r-devel-linux-x86_64-fedora-gcc