Last updated on 2025-11-24 11:50:20 CET.
| Flavor | Version | Tinstall | Tcheck | Ttotal | Status | Flags |
|---|---|---|---|---|---|---|
| r-devel-linux-x86_64-debian-clang | 0.1.1 | 2.41 | 51.31 | 53.72 | NOTE | |
| r-devel-linux-x86_64-debian-gcc | 0.1.1 | 1.81 | 38.92 | 40.73 | NOTE | |
| r-devel-linux-x86_64-fedora-clang | 0.1.1 | 82.20 | NOTE | |||
| r-devel-linux-x86_64-fedora-gcc | 0.1.1 | 15.00 | 82.40 | 97.40 | NOTE | |
| r-devel-windows-x86_64 | 0.1.1 | 5.00 | 92.00 | 97.00 | NOTE | |
| r-patched-linux-x86_64 | 0.1.1 | 2.48 | 47.94 | 50.42 | NOTE | |
| r-release-linux-x86_64 | 0.1.1 | 2.36 | 49.17 | 51.53 | NOTE | |
| r-release-macos-arm64 | 0.1.1 | NOTE | ||||
| r-release-macos-x86_64 | 0.1.1 | 2.00 | 79.00 | 81.00 | NOTE | |
| r-release-windows-x86_64 | 0.1.1 | 5.00 | 98.00 | 103.00 | NOTE | |
| r-oldrel-macos-arm64 | 0.1.1 | NOTE | ||||
| r-oldrel-macos-x86_64 | 0.1.1 | 2.00 | 50.00 | 52.00 | NOTE | |
| r-oldrel-windows-x86_64 | 0.1.1 | 4.00 | 97.00 | 101.00 | NOTE |
Version: 0.1.1
Check: Rd files
Result: NOTE
checkRd: (-1) fit_slim.Rd:24: Lost braces; missing escapes or markup?
24 | sum(x' V^{-1} (y - x beta)) = 0 as the covariance V tends from V[, , 1] +
| ^
Flavors: r-devel-linux-x86_64-debian-clang, r-devel-linux-x86_64-debian-gcc, r-devel-linux-x86_64-fedora-clang, r-devel-linux-x86_64-fedora-gcc, r-devel-windows-x86_64, r-patched-linux-x86_64, r-release-linux-x86_64, r-release-macos-arm64, r-release-macos-x86_64, r-release-windows-x86_64, r-oldrel-macos-arm64, r-oldrel-macos-x86_64, r-oldrel-windows-x86_64