Last updated on 2024-06-29 12:48:31 CEST.
Flavor | Version | Tinstall | Tcheck | Ttotal | Status | Flags |
---|---|---|---|---|---|---|
r-devel-linux-x86_64-debian-clang | 1.0.1 | 40.50 | 28.18 | 68.68 | NOTE | |
r-devel-linux-x86_64-debian-gcc | 1.0.1 | 25.83 | 22.10 | 47.93 | NOTE | |
r-devel-linux-x86_64-fedora-clang | 1.0.1 | 107.64 | NOTE | |||
r-devel-linux-x86_64-fedora-gcc | 1.0.1 | 99.62 | NOTE | |||
r-devel-windows-x86_64 | 1.0.1 | 32.00 | 65.00 | 97.00 | NOTE | |
r-patched-linux-x86_64 | 1.0.1 | 33.84 | 27.58 | 61.42 | NOTE | |
r-release-linux-x86_64 | 1.0.1 | 33.73 | 27.84 | 61.57 | NOTE | |
r-release-macos-arm64 | 1.0.1 | 26.00 | NOTE | |||
r-release-macos-x86_64 | 1.0.1 | 31.00 | NOTE | |||
r-release-windows-x86_64 | 1.0.1 | 32.00 | 57.00 | 89.00 | NOTE | |
r-oldrel-macos-arm64 | 1.0.1 | 28.00 | NOTE | |||
r-oldrel-macos-x86_64 | 1.0.1 | 45.00 | NOTE | |||
r-oldrel-windows-x86_64 | 1.0.1 | 30.00 | 68.00 | 98.00 | NOTE |
Version: 1.0.1
Check: LazyData
Result: NOTE
'LazyData' is specified without a 'data' directory
Flavors: r-devel-linux-x86_64-debian-clang, r-devel-linux-x86_64-debian-gcc, r-devel-linux-x86_64-fedora-clang, r-devel-linux-x86_64-fedora-gcc, r-devel-windows-x86_64, r-patched-linux-x86_64, r-release-linux-x86_64, r-release-macos-arm64, r-release-macos-x86_64, r-release-windows-x86_64, r-oldrel-macos-arm64, r-oldrel-macos-x86_64, r-oldrel-windows-x86_64