Last updated on 2025-11-02 23:49:53 CET.
| Flavor | Version | Tinstall | Tcheck | Ttotal | Status | Flags |
|---|---|---|---|---|---|---|
| r-devel-linux-x86_64-debian-clang | 2.0.0 | 8.40 | 155.91 | 164.31 | OK | |
| r-devel-linux-x86_64-debian-gcc | 2.0.0 | 5.21 | 105.84 | 111.05 | OK | |
| r-devel-linux-x86_64-fedora-clang | 2.0.0 | 23.00 | 238.90 | 261.90 | OK | |
| r-devel-linux-x86_64-fedora-gcc | 2.0.0 | 26.00 | 235.99 | 261.99 | OK | |
| r-devel-windows-x86_64 | 2.0.0 | 12.00 | 141.00 | 153.00 | OK | |
| r-patched-linux-x86_64 | 2.0.0 | 7.77 | 146.39 | 154.16 | OK | |
| r-release-linux-x86_64 | 2.0.0 | 9.04 | 143.50 | 152.54 | OK | |
| r-release-macos-arm64 | 2.0.0 | 5.00 | 65.00 | 70.00 | OK | |
| r-release-macos-x86_64 | 2.0.0 | 8.00 | 128.00 | 136.00 | OK | |
| r-release-windows-x86_64 | 2.0.0 | 10.00 | 138.00 | 148.00 | OK | |
| r-oldrel-macos-arm64 | 2.0.0 | 4.00 | 56.00 | 60.00 | NOTE | |
| r-oldrel-macos-x86_64 | 2.0.0 | 5.00 | 91.00 | 96.00 | NOTE | |
| r-oldrel-windows-x86_64 | 2.0.0 | 18.00 | 187.00 | 205.00 | NOTE |
Version: 2.0.0
Check: package dependencies
Result: NOTE
Package suggested but not available for checking: ‘gurobi’
Flavors: r-oldrel-macos-arm64, r-oldrel-macos-x86_64, r-oldrel-windows-x86_64