Last updated on 2025-05-28 06:51:40 CEST.
Flavor | Version | Tinstall | Tcheck | Ttotal | Status | Flags |
---|---|---|---|---|---|---|
r-devel-linux-x86_64-debian-clang | 1.6.0.3 | 69.66 | 96.56 | 166.22 | NOTE | |
r-devel-linux-x86_64-debian-gcc | 1.6.0.3 | 45.74 | 69.09 | 114.83 | NOTE | |
r-devel-linux-x86_64-fedora-clang | 1.6.0.3 | 295.81 | NOTE | |||
r-devel-linux-x86_64-fedora-gcc | 1.6.0.3 | 266.09 | NOTE | |||
r-devel-windows-x86_64 | 1.6.0.3 | 87.00 | 146.00 | 233.00 | NOTE | |
r-patched-linux-x86_64 | 1.6.0.3 | 67.75 | 91.43 | 159.18 | NOTE | |
r-release-linux-x86_64 | 1.6.0.3 | 63.22 | 90.11 | 153.33 | NOTE | |
r-release-macos-arm64 | 1.6.0.3 | 81.00 | NOTE | |||
r-release-macos-x86_64 | 1.6.0.3 | 103.00 | NOTE | |||
r-release-windows-x86_64 | 1.6.0.3 | 87.00 | 143.00 | 230.00 | NOTE | |
r-oldrel-macos-arm64 | 1.6.0.3 | 66.00 | NOTE | |||
r-oldrel-macos-x86_64 | 1.6.0.3 | 94.00 | NOTE | |||
r-oldrel-windows-x86_64 | 1.6.0.3 | 100.00 | 172.00 | 272.00 | NOTE |
Version: 1.6.0.3
Check: Rd files
Result: NOTE
checkRd: (-1) getGlobalOptimum.Rd:16: Lost braces in \itemize; \value handles \item{}{} directly
checkRd: (-1) getGlobalOptimum.Rd:17: Lost braces in \itemize; \value handles \item{}{} directly
checkRd: (-1) getGlobalOptimum.Rd:18: Lost braces in \itemize; \value handles \item{}{} directly
checkRd: (-1) getLocalOptimum.Rd:16: Lost braces in \itemize; \value handles \item{}{} directly
checkRd: (-1) getLocalOptimum.Rd:17: Lost braces in \itemize; \value handles \item{}{} directly
checkRd: (-1) getLocalOptimum.Rd:18: Lost braces in \itemize; \value handles \item{}{} directly
checkRd: (-1) smoof_function.Rd:10: Lost braces
10 | or code{smoof_multi_objective_function}. Both single- and multi-objective functions share the following attributes.
| ^
Flavors: r-devel-linux-x86_64-debian-clang, r-devel-linux-x86_64-debian-gcc, r-devel-linux-x86_64-fedora-clang, r-devel-linux-x86_64-fedora-gcc, r-devel-windows-x86_64, r-patched-linux-x86_64, r-release-linux-x86_64, r-release-macos-arm64, r-release-macos-x86_64, r-release-windows-x86_64, r-oldrel-macos-arm64, r-oldrel-macos-x86_64, r-oldrel-windows-x86_64