CRAN Package Check Results for Package snap

Last updated on 2025-11-22 17:49:43 CET.

Flavor Version Tinstall Tcheck Ttotal Status Flags
r-devel-linux-x86_64-debian-clang 1.1.0 12.26 98.94 111.20 NOTE
r-devel-linux-x86_64-debian-gcc 1.1.0 7.50 71.95 79.45 NOTE
r-devel-linux-x86_64-fedora-clang 1.1.0 27.00 142.34 169.34 OK
r-devel-linux-x86_64-fedora-gcc 1.1.0 51.00 113.45 164.45 OK
r-devel-windows-x86_64 1.1.0 15.00 94.00 109.00 OK
r-patched-linux-x86_64 1.1.0 12.55 92.99 105.54 OK
r-release-linux-x86_64 1.1.0 11.08 92.21 103.29 OK
r-release-macos-arm64 1.1.0 OK
r-release-macos-x86_64 1.1.0 11.00 69.00 80.00 OK
r-release-windows-x86_64 1.1.0 14.00 94.00 108.00 OK
r-oldrel-macos-arm64 1.1.0 OK
r-oldrel-macos-x86_64 1.1.0 7.00 55.00 62.00 OK
r-oldrel-windows-x86_64 1.1.0 19.00 118.00 137.00 OK

Check Details

Version: 1.1.0
Check: CRAN incoming feasibility
Result: NOTE Maintainer: ‘Giancarlo Vercellino <giancarlo.vercellino@gmail.com>’ No Authors@R field in DESCRIPTION. Please add one, modifying Authors@R: person(given = "Giancarlo", family = "Vercellino", role = c("aut", "cre"), email = "giancarlo.vercellino@gmail.com") as necessary. Flavors: r-devel-linux-x86_64-debian-clang, r-devel-linux-x86_64-debian-gcc

mirror server hosted at Truenetwork, Russian Federation.