CRAN Package Check Results for Package snfa

Last updated on 2025-11-24 11:50:20 CET.

Flavor Version Tinstall Tcheck Ttotal Status Flags
r-devel-linux-x86_64-debian-clang 0.0.1 2.31 39.14 41.45 OK
r-devel-linux-x86_64-debian-gcc 0.0.1 1.84 28.69 30.53 OK
r-devel-linux-x86_64-fedora-clang 0.0.1 63.47 NOTE
r-devel-linux-x86_64-fedora-gcc 0.0.1 63.98 NOTE
r-devel-windows-x86_64 0.0.1 7.00 55.00 62.00 OK
r-patched-linux-x86_64 0.0.1 2.65 37.46 40.11 OK
r-release-linux-x86_64 0.0.1 2.44 36.29 38.73 OK
r-release-macos-arm64 0.0.1 OK
r-release-macos-x86_64 0.0.1 2.00 34.00 36.00 OK
r-release-windows-x86_64 0.0.1 5.00 59.00 64.00 OK
r-oldrel-macos-arm64 0.0.1 OK
r-oldrel-macos-x86_64 0.0.1 2.00 31.00 33.00 OK
r-oldrel-windows-x86_64 0.0.1 6.00 67.00 73.00 OK

Check Details

Version: 0.0.1
Check: dependencies in R code
Result: NOTE Namespaces in Imports field not imported from: ‘Rdpack’ ‘ggplot2’ All declared Imports should be used. Flavors: r-devel-linux-x86_64-fedora-clang, r-devel-linux-x86_64-fedora-gcc

mirror server hosted at Truenetwork, Russian Federation.