Last updated on 2025-05-28 06:51:40 CEST.
Flavor | Version | Tinstall | Tcheck | Ttotal | Status | Flags |
---|---|---|---|---|---|---|
r-devel-linux-x86_64-debian-clang | 0.18.3 | 26.27 | 177.39 | 203.66 | OK | |
r-devel-linux-x86_64-debian-gcc | 0.18.3 | 18.16 | 125.57 | 143.73 | OK | |
r-devel-linux-x86_64-fedora-clang | 0.18.3 | 322.46 | OK | |||
r-devel-linux-x86_64-fedora-gcc | 0.18.3 | 308.69 | OK | |||
r-devel-windows-x86_64 | 0.18.3 | 31.00 | 273.00 | 304.00 | OK | |
r-patched-linux-x86_64 | 0.18.3 | 24.52 | 168.75 | 193.27 | OK | |
r-release-linux-x86_64 | 0.18.3 | 24.68 | 169.24 | 193.92 | OK | |
r-release-macos-arm64 | 0.18.3 | 86.00 | OK | |||
r-release-macos-x86_64 | 0.18.3 | 179.00 | OK | |||
r-release-windows-x86_64 | 0.18.3 | 30.00 | 6.00 | 36.00 | ERROR | |
r-oldrel-macos-arm64 | 0.18.3 | 94.00 | OK | |||
r-oldrel-macos-x86_64 | 0.18.3 | 199.00 | OK | |||
r-oldrel-windows-x86_64 | 0.18.3 | 39.00 | 240.00 | 279.00 | OK |
Version: 0.18.3
Check: whether package can be installed
Result: ERROR
Installation failed.
Flavor: r-release-windows-x86_64