Last updated on 2025-11-02 05:49:53 CET.
| Flavor | Version | Tinstall | Tcheck | Ttotal | Status | Flags |
|---|---|---|---|---|---|---|
| r-devel-linux-x86_64-debian-clang | 0.11 | 14.03 | 112.56 | 126.59 | NOTE | |
| r-devel-linux-x86_64-debian-gcc | 0.11 | 8.63 | 71.27 | 79.90 | NOTE | |
| r-devel-linux-x86_64-fedora-clang | 0.11 | 35.00 | 146.88 | 181.88 | NOTE | |
| r-devel-linux-x86_64-fedora-gcc | 0.11 | 33.00 | 136.15 | 169.15 | NOTE | |
| r-devel-windows-x86_64 | 0.11 | 14.00 | 122.00 | 136.00 | NOTE | |
| r-patched-linux-x86_64 | 0.11 | 13.09 | 97.56 | 110.65 | NOTE | |
| r-release-linux-x86_64 | 0.11 | 12.36 | 96.98 | 109.34 | NOTE | |
| r-release-macos-arm64 | 0.11 | 6.00 | 53.00 | 59.00 | NOTE | |
| r-release-macos-x86_64 | 0.11 | 11.00 | 83.00 | 94.00 | NOTE | |
| r-release-windows-x86_64 | 0.11 | 14.00 | 121.00 | 135.00 | NOTE | |
| r-oldrel-macos-arm64 | 0.11 | 5.00 | 48.00 | 53.00 | OK | |
| r-oldrel-macos-x86_64 | 0.11 | 17.00 | 101.00 | 118.00 | OK | |
| r-oldrel-windows-x86_64 | 0.11 | 19.00 | 144.00 | 163.00 | OK |
Version: 0.11
Check: DESCRIPTION meta-information
Result: NOTE
Missing dependency on R >= 4.1.0 because package code uses the pipe
|> or function shorthand \(...) syntax added in R 4.1.0.
File(s) using such syntax:
‘meteoReaders.R’
Flavors: r-devel-linux-x86_64-debian-clang, r-devel-linux-x86_64-debian-gcc, r-devel-linux-x86_64-fedora-clang, r-devel-linux-x86_64-fedora-gcc, r-devel-windows-x86_64, r-patched-linux-x86_64, r-release-linux-x86_64, r-release-macos-arm64, r-release-macos-x86_64, r-release-windows-x86_64