Last updated on 2024-06-30 00:59:27 CEST.
Flavor | Version | Tinstall | Tcheck | Ttotal | Status | Flags |
---|---|---|---|---|---|---|
r-devel-linux-x86_64-debian-clang | 1.0.1 | 75.84 | 42.36 | 118.20 | OK | |
r-devel-linux-x86_64-debian-gcc | 1.0.1 | 64.81 | 32.50 | 97.31 | OK | |
r-devel-linux-x86_64-fedora-clang | 1.0.1 | 165.90 | OK | |||
r-devel-linux-x86_64-fedora-gcc | 1.0.1 | 193.84 | OK | |||
r-devel-windows-x86_64 | 1.0.1 | 68.00 | 84.00 | 152.00 | OK | |
r-patched-linux-x86_64 | 1.0.1 | 76.09 | 40.87 | 116.96 | OK | |
r-release-linux-x86_64 | 1.0.1 | 70.59 | 40.69 | 111.28 | OK | |
r-release-macos-arm64 | 1.0.1 | 65.00 | NOTE | |||
r-release-macos-x86_64 | 1.0.1 | 100.00 | NOTE | |||
r-release-windows-x86_64 | 1.0.1 | 65.00 | 83.00 | 148.00 | OK | |
r-oldrel-macos-arm64 | 1.0.1 | 67.00 | NOTE | |||
r-oldrel-macos-x86_64 | 1.0.1 | 155.00 | NOTE | |||
r-oldrel-windows-x86_64 | 1.0.1 | 82.00 | 95.00 | 177.00 | OK |
Version: 1.0.1
Check: installed package size
Result: NOTE
installed size is 7.7Mb
sub-directories of 1Mb or more:
libs 7.2Mb
Flavors: r-release-macos-arm64, r-release-macos-x86_64, r-oldrel-macos-arm64, r-oldrel-macos-x86_64