Last updated on 2024-06-29 12:48:32 CEST.
Flavor | Version | Tinstall | Tcheck | Ttotal | Status | Flags |
---|---|---|---|---|---|---|
r-devel-linux-x86_64-debian-clang | 0.5.0 | 9.19 | 63.47 | 72.66 | OK | |
r-devel-linux-x86_64-debian-gcc | 0.5.0 | 8.38 | 50.28 | 58.66 | NOTE | |
r-devel-linux-x86_64-fedora-clang | 0.5.0 | 98.41 | NOTE | |||
r-devel-linux-x86_64-fedora-gcc | 0.5.0 | 98.91 | NOTE | |||
r-devel-windows-x86_64 | 0.5.0 | 10.00 | 62.00 | 72.00 | OK | |
r-patched-linux-x86_64 | 0.5.0 | 8.04 | 59.45 | 67.49 | OK | |
r-release-linux-x86_64 | 0.5.0 | 9.26 | 60.90 | 70.16 | OK | |
r-release-macos-arm64 | 0.5.0 | 29.00 | OK | |||
r-release-macos-x86_64 | 0.5.0 | 42.00 | OK | |||
r-release-windows-x86_64 | 0.5.0 | 9.00 | 63.00 | 72.00 | OK | |
r-oldrel-macos-arm64 | 0.5.0 | 41.00 | OK | |||
r-oldrel-macos-x86_64 | 0.5.0 | 91.00 | OK | |||
r-oldrel-windows-x86_64 | 0.5.0 | 12.00 | 72.00 | 84.00 | OK |
Version: 0.5.0
Check: package dependencies
Result: NOTE
Package suggested but not available for checking: ‘antaresViz’
Flavors: r-devel-linux-x86_64-debian-gcc, r-devel-linux-x86_64-fedora-clang, r-devel-linux-x86_64-fedora-gcc
Version: 0.5.0
Check: Rd cross-references
Result: NOTE
Unknown package ‘antaresViz’ in Rd xrefs
Flavors: r-devel-linux-x86_64-debian-gcc, r-devel-linux-x86_64-fedora-clang, r-devel-linux-x86_64-fedora-gcc