CRAN Package Check Results for Package spThin

Last updated on 2025-11-22 05:48:50 CET.

Flavor Version Tinstall Tcheck Ttotal Status Flags
r-devel-linux-x86_64-debian-clang 0.2.0 4.23 43.17 47.40 NOTE
r-devel-linux-x86_64-debian-gcc 0.2.0 3.62 31.88 35.50 NOTE
r-devel-linux-x86_64-fedora-clang 0.2.0 14.00 60.70 74.70 OK
r-devel-linux-x86_64-fedora-gcc 0.2.0 14.00 77.45 91.45 OK
r-devel-windows-x86_64 0.2.0 7.00 57.00 64.00 OK
r-patched-linux-x86_64 0.2.0 5.08 40.83 45.91 OK
r-release-linux-x86_64 0.2.0 4.72 40.99 45.71 OK
r-release-macos-arm64 0.2.0 OK
r-release-macos-x86_64 0.2.0 4.00 60.00 64.00 OK
r-release-windows-x86_64 0.2.0 6.00 54.00 60.00 OK
r-oldrel-macos-arm64 0.2.0 OK
r-oldrel-macos-x86_64 0.2.0 4.00 45.00 49.00 OK
r-oldrel-windows-x86_64 0.2.0 7.00 65.00 72.00 OK

Check Details

Version: 0.2.0
Check: CRAN incoming feasibility
Result: NOTE Maintainer: ‘Matthew E. Aiello-Lammens <matt.lammens@gmail.com>’ Package CITATION file contains call(s) to old-style personList() or as.personList(). Please use c() on person objects instead. Package CITATION file contains call(s) to old-style citEntry(). Please use bibentry() instead. Flavors: r-devel-linux-x86_64-debian-clang, r-devel-linux-x86_64-debian-gcc

mirror server hosted at Truenetwork, Russian Federation.