Last updated on 2025-11-03 17:50:04 CET.
| Flavor | Version | Tinstall | Tcheck | Ttotal | Status | Flags |
|---|---|---|---|---|---|---|
| r-devel-linux-x86_64-debian-clang | 0.4.0 | 23.21 | 26.34 | 49.55 | OK | |
| r-devel-linux-x86_64-debian-gcc | 0.4.0 | 15.02 | 21.21 | 36.23 | OK | |
| r-devel-linux-x86_64-fedora-clang | 0.4.0 | 49.00 | 33.19 | 82.19 | OK | |
| r-devel-linux-x86_64-fedora-gcc | 0.4.0 | 42.00 | 37.48 | 79.48 | OK | |
| r-devel-windows-x86_64 | 0.4.0 | 32.00 | 61.00 | 93.00 | OK | |
| r-patched-linux-x86_64 | 0.4.0 | 21.16 | 25.49 | 46.65 | OK | |
| r-release-linux-x86_64 | 0.4.0 | 20.17 | 25.39 | 45.56 | OK | |
| r-release-macos-arm64 | 0.4.0 | 9.00 | 20.00 | 29.00 | OK | |
| r-release-macos-x86_64 | 0.4.0 | 19.00 | 29.00 | 48.00 | OK | |
| r-release-windows-x86_64 | 0.4.0 | 35.00 | 60.00 | 95.00 | OK | |
| r-oldrel-macos-arm64 | 0.4.0 | 8.00 | 34.00 | 42.00 | NOTE | |
| r-oldrel-macos-x86_64 | 0.4.0 | 24.00 | 47.00 | 71.00 | NOTE | |
| r-oldrel-windows-x86_64 | 0.4.0 | 38.00 | 78.00 | 116.00 | NOTE |
Version: 0.4.0
Check: installed package size
Result: NOTE
installed size is 15.8Mb
sub-directories of 1Mb or more:
include 10.1Mb
libs 5.6Mb
Flavors: r-oldrel-macos-arm64, r-oldrel-macos-x86_64, r-oldrel-windows-x86_64