Last updated on 2025-11-03 17:50:04 CET.
| Flavor | Version | Tinstall | Tcheck | Ttotal | Status | Flags |
|---|---|---|---|---|---|---|
| r-devel-linux-x86_64-debian-clang | 0.1.6 | 14.97 | 57.51 | 72.48 | NOTE | |
| r-devel-linux-x86_64-debian-gcc | 0.1.6 | 10.05 | 39.98 | 50.03 | NOTE | |
| r-devel-linux-x86_64-fedora-clang | 0.1.6 | 39.00 | 73.95 | 112.95 | NOTE | |
| r-devel-linux-x86_64-fedora-gcc | 0.1.6 | 34.00 | 70.45 | 104.45 | NOTE | |
| r-devel-windows-x86_64 | 0.1.6 | 20.00 | 79.00 | 99.00 | NOTE | |
| r-patched-linux-x86_64 | 0.1.6 | 13.71 | 52.57 | 66.28 | NOTE | |
| r-release-linux-x86_64 | 0.1.6 | 12.65 | 52.06 | 64.71 | NOTE | |
| r-release-macos-arm64 | 0.1.6 | 7.00 | 26.00 | 33.00 | NOTE | |
| r-release-macos-x86_64 | 0.1.6 | 13.00 | 49.00 | 62.00 | NOTE | |
| r-release-windows-x86_64 | 0.1.6 | 21.00 | 80.00 | 101.00 | NOTE | |
| r-oldrel-macos-arm64 | 0.1.6 | 7.00 | 26.00 | 33.00 | NOTE | |
| r-oldrel-macos-x86_64 | 0.1.6 | 12.00 | 38.00 | 50.00 | NOTE | |
| r-oldrel-windows-x86_64 | 0.1.6 | 23.00 | 103.00 | 126.00 | NOTE |
Version: 0.1.6
Check: CRAN incoming feasibility
Result: NOTE
Maintainer: ‘Edgar Ruiz <edgar@rstudio.com>’
The BugReports field in DESCRIPTION has
https://github.com/r-spark/sparkwarc
which should likely be
https://github.com/r-spark/sparkwarc/issues
instead.
Flavors: r-devel-linux-x86_64-debian-clang, r-devel-linux-x86_64-debian-gcc
Version: 0.1.6
Check: C++ specification
Result: NOTE
Specified C++11: please drop specification unless essential
Flavors: r-devel-linux-x86_64-debian-clang, r-devel-linux-x86_64-debian-gcc, r-devel-linux-x86_64-fedora-clang, r-devel-linux-x86_64-fedora-gcc, r-devel-windows-x86_64, r-patched-linux-x86_64, r-release-linux-x86_64, r-release-macos-arm64, r-release-macos-x86_64, r-release-windows-x86_64, r-oldrel-macos-arm64, r-oldrel-macos-x86_64, r-oldrel-windows-x86_64