Last updated on 2024-06-29 12:48:31 CEST.
Flavor | Version | Tinstall | Tcheck | Ttotal | Status | Flags |
---|---|---|---|---|---|---|
r-devel-linux-x86_64-debian-clang | 2.3-10 | 22.67 | 148.54 | 171.21 | OK | |
r-devel-linux-x86_64-debian-gcc | 2.3-10 | 14.98 | 107.94 | 122.92 | OK | |
r-devel-linux-x86_64-fedora-clang | 2.3-10 | 208.57 | NOTE | |||
r-devel-linux-x86_64-fedora-gcc | 2.3-10 | 201.77 | OK | |||
r-devel-windows-x86_64 | 2.3-10 | 14.00 | 115.00 | 129.00 | OK | |
r-patched-linux-x86_64 | 2.3-10 | 19.09 | 142.81 | 161.90 | OK | |
r-release-linux-x86_64 | 2.3-10 | 13.88 | 139.62 | 153.50 | OK | |
r-release-macos-arm64 | 2.3-10 | 66.00 | OK | |||
r-release-macos-x86_64 | 2.3-10 | 104.00 | OK | |||
r-release-windows-x86_64 | 2.3-10 | 15.00 | 117.00 | 132.00 | OK | |
r-oldrel-macos-arm64 | 2.3-10 | 59.00 | OK | |||
r-oldrel-macos-x86_64 | 2.3-10 | 108.00 | NOTE | |||
r-oldrel-windows-x86_64 | 2.3-10 | 19.00 | 142.00 | 161.00 | OK |
Version: 2.3-10
Check: Rd cross-references
Result: NOTE
Undeclared packages ‘splancs’, ‘spatstat.data’ in Rd xrefs
Flavor: r-devel-linux-x86_64-fedora-clang
Version: 2.3-10
Check: package dependencies
Result: NOTE
Package suggested but not available for checking: ‘fftwtools’
Flavor: r-oldrel-macos-x86_64