CRAN Package Check Results for Package sparseLRMatrix

Last updated on 2025-05-08 18:51:45 CEST.

Flavor Version Tinstall Tcheck Ttotal Status Flags
r-devel-linux-x86_64-debian-clang 0.1.0 5.17 58.11 63.28 OK
r-devel-linux-x86_64-debian-gcc 0.1.0 5.01 44.14 49.15 OK
r-devel-linux-x86_64-fedora-clang 0.1.0 99.64 OK
r-devel-linux-x86_64-fedora-gcc 0.1.0 94.24 OK
r-devel-windows-x86_64 0.1.0 7.00 69.00 76.00 OK
r-patched-linux-x86_64 0.1.0 6.48 54.57 61.05 OK
r-release-linux-x86_64 0.1.0 6.18 54.09 60.27 OK
r-release-macos-arm64 0.1.0 33.00 OK
r-release-macos-x86_64 0.1.0 55.00 OK
r-release-windows-x86_64 0.1.0 7.00 70.00 77.00 OK
r-oldrel-macos-arm64 0.1.0 30.00 NOTE
r-oldrel-macos-x86_64 0.1.0 46.00 NOTE
r-oldrel-windows-x86_64 0.1.0 9.00 81.00 90.00 NOTE

Check Details

Version: 0.1.0
Check: LazyData
Result: NOTE 'LazyData' is specified without a 'data' directory Flavors: r-oldrel-macos-arm64, r-oldrel-macos-x86_64, r-oldrel-windows-x86_64

mirror server hosted at Truenetwork, Russian Federation.