Last updated on 2025-11-02 23:49:53 CET.
| Flavor | Version | Tinstall | Tcheck | Ttotal | Status | Flags |
|---|---|---|---|---|---|---|
| r-devel-linux-x86_64-debian-clang | 1.0.4 | 51.34 | 214.41 | 265.75 | NOTE | |
| r-devel-linux-x86_64-debian-gcc | 1.0.4 | 31.76 | 154.53 | 186.29 | NOTE | |
| r-devel-linux-x86_64-fedora-clang | 1.0.4 | 100.00 | 330.98 | 430.98 | NOTE | |
| r-devel-linux-x86_64-fedora-gcc | 1.0.4 | 228.00 | 196.27 | 424.27 | NOTE | |
| r-devel-windows-x86_64 | 1.0.4 | 52.00 | 218.00 | 270.00 | NOTE | |
| r-patched-linux-x86_64 | 1.0.4 | 47.83 | 201.10 | 248.93 | NOTE | |
| r-release-linux-x86_64 | 1.0.4 | 47.78 | 200.68 | 248.46 | NOTE | |
| r-release-macos-arm64 | 1.0.4 | 22.00 | 79.00 | 101.00 | NOTE | |
| r-release-macos-x86_64 | 1.0.4 | 33.00 | 174.00 | 207.00 | NOTE | |
| r-release-windows-x86_64 | 1.0.4 | 51.00 | 198.00 | 249.00 | NOTE | |
| r-oldrel-macos-arm64 | 1.0.4 | 23.00 | 78.00 | 101.00 | OK | |
| r-oldrel-macos-x86_64 | 1.0.4 | 26.00 | 139.00 | 165.00 | OK | |
| r-oldrel-windows-x86_64 | 1.0.4 | 73.00 | 271.00 | 344.00 | OK |
Version: 1.0.4
Check: DESCRIPTION meta-information
Result: NOTE
Missing dependency on R >= 4.1.0 because package code uses the pipe
|> or function shorthand \(...) syntax added in R 4.1.0.
File(s) using such syntax:
‘import_qiime2_tax_table.R’ ‘import_sintax_tax_table.R’
Flavors: r-devel-linux-x86_64-debian-clang, r-devel-linux-x86_64-debian-gcc, r-devel-linux-x86_64-fedora-clang, r-devel-linux-x86_64-fedora-gcc, r-devel-windows-x86_64, r-patched-linux-x86_64, r-release-linux-x86_64, r-release-macos-arm64, r-release-macos-x86_64, r-release-windows-x86_64