Last updated on 2025-05-28 12:49:47 CEST.
Flavor | Version | Tinstall | Tcheck | Ttotal | Status | Flags |
---|---|---|---|---|---|---|
r-devel-linux-x86_64-debian-clang | 1.0 | 91.29 | 27.72 | 119.01 | NOTE | |
r-devel-linux-x86_64-debian-gcc | 1.0 | 70.20 | 21.82 | 92.02 | NOTE | |
r-devel-linux-x86_64-fedora-clang | 1.0 | 244.51 | OK | |||
r-devel-linux-x86_64-fedora-gcc | 1.0 | 215.87 | OK | |||
r-devel-windows-x86_64 | 1.0 | 108.00 | 63.00 | 171.00 | OK | |
r-patched-linux-x86_64 | 1.0 | 93.26 | 25.23 | 118.49 | OK | |
r-release-linux-x86_64 | 1.0 | 92.00 | 25.59 | 117.59 | OK | |
r-release-macos-arm64 | 1.0 | 53.00 | OK | |||
r-release-macos-x86_64 | 1.0 | 56.00 | OK | |||
r-release-windows-x86_64 | 1.0 | 111.00 | 74.00 | 185.00 | OK | |
r-oldrel-macos-arm64 | 1.0 | 51.00 | NOTE | |||
r-oldrel-macos-x86_64 | 1.0 | 53.00 | NOTE | |||
r-oldrel-windows-x86_64 | 1.0 | 122.00 | 77.00 | 199.00 | OK |
Version: 1.0
Check: CRAN incoming feasibility
Result: NOTE
Maintainer: ‘Yang Liu <yliu87@umd.edu>’
The Description field contains
<arXiv:2303.10079>. Both the conditional densities of observed
Please refer to arXiv e-prints via their arXiv DOI <doi:10.48550/arXiv.YYMM.NNNNN>.
Flavors: r-devel-linux-x86_64-debian-clang, r-devel-linux-x86_64-debian-gcc
Version: 1.0
Check: installed package size
Result: NOTE
installed size is 7.0Mb
sub-directories of 1Mb or more:
libs 6.7Mb
Flavors: r-oldrel-macos-arm64, r-oldrel-macos-x86_64