Last updated on 2025-07-12 06:48:37 CEST.
Flavor | Version | Tinstall | Tcheck | Ttotal | Status | Flags |
---|---|---|---|---|---|---|
r-devel-linux-x86_64-debian-clang | 0.2.5 | 25.48 | 23.03 | 48.51 | NOTE | |
r-devel-linux-x86_64-debian-gcc | 0.2.5 | 18.78 | 19.31 | 38.09 | NOTE | |
r-devel-linux-x86_64-fedora-clang | 0.2.5 | 95.93 | OK | |||
r-devel-linux-x86_64-fedora-gcc | 0.2.5 | 81.45 | OK | |||
r-devel-windows-x86_64 | 0.2.5 | 32.00 | 69.00 | 101.00 | OK | |
r-patched-linux-x86_64 | 0.2.5 | 26.72 | 22.41 | 49.13 | OK | |
r-release-linux-x86_64 | 0.2.5 | 25.54 | 22.11 | 47.65 | OK | |
r-release-macos-arm64 | 0.2.5 | 26.00 | OK | |||
r-release-macos-x86_64 | 0.2.5 | 38.00 | OK | |||
r-release-windows-x86_64 | 0.2.5 | 33.00 | 60.00 | 93.00 | OK | |
r-oldrel-macos-arm64 | 0.2.5 | 34.00 | OK | |||
r-oldrel-macos-x86_64 | 0.2.5 | 33.00 | OK | |||
r-oldrel-windows-x86_64 | 0.2.5 | 32.00 | 75.00 | 107.00 | OK |
Version: 0.2.5
Check: CRAN incoming feasibility
Result: NOTE
Maintainer: ‘Bob Rudis <bob@rud.is>’
No Authors@R field in DESCRIPTION.
Please add one, modifying
Authors@R: c(person(given = "Bob",
family = "Rudis",
role = c("aut", "cre"),
email = "bob@rud.is",
comment = "bob@rud.is"),
person(family = "SEOmoz"),
person(family = "Inc",
role = "aut"))
as necessary.
Flavors: r-devel-linux-x86_64-debian-clang, r-devel-linux-x86_64-debian-gcc