CRAN Package Check Results for Package splitfngr

Last updated on 2025-05-08 18:51:45 CEST.

Flavor Version Tinstall Tcheck Ttotal Status Flags
r-devel-linux-x86_64-debian-clang 0.1.2 1.22 18.56 19.78 NOTE
r-devel-linux-x86_64-debian-gcc 0.1.2 1.14 15.67 16.81 NOTE
r-devel-linux-x86_64-fedora-clang 0.1.2 30.22 OK
r-devel-linux-x86_64-fedora-gcc 0.1.2 28.94 OK
r-devel-windows-x86_64 0.1.2 3.00 42.00 45.00 OK
r-patched-linux-x86_64 0.1.2 1.69 16.75 18.44 OK
r-release-linux-x86_64 0.1.2 1.71 17.00 18.71 OK
r-release-macos-arm64 0.1.2 16.00 OK
r-release-macos-x86_64 0.1.2 25.00 OK
r-release-windows-x86_64 0.1.2 4.00 43.00 47.00 OK
r-oldrel-macos-arm64 0.1.2 14.00 NOTE
r-oldrel-macos-x86_64 0.1.2 20.00 NOTE
r-oldrel-windows-x86_64 0.1.2 4.00 43.00 47.00 NOTE

Check Details

Version: 0.1.2
Check: CRAN incoming feasibility
Result: NOTE Maintainer: ‘Collin Erickson <collinberickson@gmail.com>’ No Authors@R field in DESCRIPTION. Please add one, modifying Authors@R: person(given = "Collin", family = "Erickson", role = c("aut", "cre"), email = "collinberickson@gmail.com") as necessary. Flavors: r-devel-linux-x86_64-debian-clang, r-devel-linux-x86_64-debian-gcc

Version: 0.1.2
Check: LazyData
Result: NOTE 'LazyData' is specified without a 'data' directory Flavors: r-oldrel-macos-arm64, r-oldrel-macos-x86_64, r-oldrel-windows-x86_64

mirror server hosted at Truenetwork, Russian Federation.