Last updated on 2025-02-22 11:51:43 CET.
Flavor | Version | Tinstall | Tcheck | Ttotal | Status | Flags |
---|---|---|---|---|---|---|
r-devel-linux-x86_64-debian-clang | 0.4-11 | 5.56 | 43.82 | 49.38 | NOTE | |
r-devel-linux-x86_64-debian-gcc | 0.4-11 | 4.33 | 32.94 | 37.27 | NOTE | |
r-devel-linux-x86_64-fedora-clang | 0.4-11 | 80.84 | NOTE | |||
r-devel-linux-x86_64-fedora-gcc | 0.4-11 | 76.96 | NOTE | |||
r-devel-macos-arm64 | 0.4-11 | 38.00 | NOTE | |||
r-devel-macos-x86_64 | 0.4-11 | 88.00 | NOTE | |||
r-devel-windows-x86_64 | 0.4-11 | 7.00 | 67.00 | 74.00 | NOTE | |
r-patched-linux-x86_64 | 0.4-11 | 5.73 | 41.45 | 47.18 | NOTE | |
r-release-linux-x86_64 | 0.4-11 | 5.92 | 41.89 | 47.81 | NOTE | |
r-release-macos-arm64 | 0.4-11 | 33.00 | NOTE | |||
r-release-macos-x86_64 | 0.4-11 | 43.00 | NOTE | |||
r-release-windows-x86_64 | 0.4-11 | 8.00 | 65.00 | 73.00 | NOTE | |
r-oldrel-macos-arm64 | 0.4-11 | 25.00 | OK | |||
r-oldrel-macos-x86_64 | 0.4-11 | 46.00 | OK | |||
r-oldrel-windows-x86_64 | 0.4-11 | 8.00 | 74.00 | 82.00 | OK |
Version: 0.4-11
Check: Rd files
Result: NOTE
checkRd: (-1) sqldf.Rd:248: Lost braces
248 | and code{port} arguments of sqldf.
| ^
Flavors: r-devel-linux-x86_64-debian-clang, r-devel-linux-x86_64-debian-gcc, r-devel-linux-x86_64-fedora-clang, r-devel-linux-x86_64-fedora-gcc, r-devel-macos-arm64, r-devel-macos-x86_64, r-devel-windows-x86_64, r-patched-linux-x86_64, r-release-linux-x86_64, r-release-macos-arm64, r-release-macos-x86_64, r-release-windows-x86_64