CRAN Package Check Results for Package sqliter

Last updated on 2025-11-24 11:50:20 CET.

Flavor Version Tinstall Tcheck Ttotal Status Flags
r-devel-linux-x86_64-debian-clang 0.1.0 4.14 36.35 40.49 NOTE
r-devel-linux-x86_64-debian-gcc 0.1.0 3.07 27.89 30.96 NOTE
r-devel-linux-x86_64-fedora-clang 0.1.0 61.13 OK
r-devel-linux-x86_64-fedora-gcc 0.1.0 59.09 OK
r-devel-windows-x86_64 0.1.0 7.00 50.00 57.00 OK
r-patched-linux-x86_64 0.1.0 3.19 34.32 37.51 OK
r-release-linux-x86_64 0.1.0 3.71 34.09 37.80 OK
r-release-macos-arm64 0.1.0 OK
r-release-macos-x86_64 0.1.0 4.00 34.00 38.00 OK
r-release-windows-x86_64 0.1.0 6.00 60.00 66.00 OK
r-oldrel-macos-arm64 0.1.0 OK
r-oldrel-macos-x86_64 0.1.0 3.00 28.00 31.00 OK
r-oldrel-windows-x86_64 0.1.0 7.00 62.00 69.00 OK

Check Details

Version: 0.1.0
Check: CRAN incoming feasibility
Result: NOTE Maintainer: ‘Wilson Freitas <wilson.freitas@gmail.com>’ No Authors@R field in DESCRIPTION. Please add one, modifying Authors@R: person(given = "Wilson", family = "Freitas", role = c("aut", "cre"), email = "wilson.freitas@gmail.com") as necessary. Flavors: r-devel-linux-x86_64-debian-clang, r-devel-linux-x86_64-debian-gcc

mirror server hosted at Truenetwork, Russian Federation.