CRAN Package Check Results for Package sqliteutils

Last updated on 2025-05-08 18:51:45 CEST.

Flavor Version Tinstall Tcheck Ttotal Status Flags
r-devel-linux-x86_64-debian-clang 0.1.0 1.76 22.01 23.77 OK
r-devel-linux-x86_64-debian-gcc 0.1.0 1.36 17.77 19.13 OK
r-devel-linux-x86_64-fedora-clang 0.1.0 37.94 NOTE
r-devel-linux-x86_64-fedora-gcc 0.1.0 35.05 NOTE
r-devel-windows-x86_64 0.1.0 3.00 41.00 44.00 OK
r-patched-linux-x86_64 0.1.0 1.35 20.09 21.44 OK
r-release-linux-x86_64 0.1.0 1.61 20.55 22.16 OK
r-release-macos-arm64 0.1.0 17.00 OK
r-release-macos-x86_64 0.1.0 26.00 OK
r-release-windows-x86_64 0.1.0 3.00 42.00 45.00 OK
r-oldrel-macos-arm64 0.1.0 16.00 OK
r-oldrel-macos-x86_64 0.1.0 25.00 OK
r-oldrel-windows-x86_64 0.1.0 4.00 47.00 51.00 OK

Check Details

Version: 0.1.0
Check: dependencies in R code
Result: NOTE Namespaces in Imports field not imported from: ‘DBI’ ‘RSQLite’ ‘dbplyr’ ‘dplyr’ All declared Imports should be used. Flavors: r-devel-linux-x86_64-fedora-clang, r-devel-linux-x86_64-fedora-gcc

mirror server hosted at Truenetwork, Russian Federation.