Last updated on 2025-05-28 06:51:41 CEST.
Flavor | Version | Tinstall | Tcheck | Ttotal | Status | Flags |
---|---|---|---|---|---|---|
r-devel-linux-x86_64-debian-clang | 0.1.1 | 13.54 | 109.01 | 122.55 | NOTE | |
r-devel-linux-x86_64-debian-gcc | 0.1.1 | 9.11 | 80.03 | 89.14 | NOTE | |
r-devel-linux-x86_64-fedora-clang | 0.1.1 | 196.67 | NOTE | |||
r-devel-linux-x86_64-fedora-gcc | 0.1.1 | 192.66 | NOTE | |||
r-devel-windows-x86_64 | 0.1.1 | 14.00 | 112.00 | 126.00 | NOTE | |
r-patched-linux-x86_64 | 0.1.1 | 12.87 | 103.87 | 116.74 | NOTE | |
r-release-linux-x86_64 | 0.1.1 | 11.23 | 105.39 | 116.62 | NOTE | |
r-release-macos-arm64 | 0.1.1 | 47.00 | NOTE | |||
r-release-macos-x86_64 | 0.1.1 | 90.00 | NOTE | |||
r-release-windows-x86_64 | 0.1.1 | 14.00 | 116.00 | 130.00 | NOTE | |
r-oldrel-macos-arm64 | 0.1.1 | 49.00 | NOTE | |||
r-oldrel-macos-x86_64 | 0.1.1 | 71.00 | NOTE | |||
r-oldrel-windows-x86_64 | 0.1.1 | 19.00 | 143.00 | 162.00 | NOTE |
Version: 0.1.1
Check: Rd files
Result: NOTE
checkRd: (-1) ssaBSS-package.Rd:22: Lost braces in \itemize; meant \describe ?
checkRd: (-1) ssaBSS-package.Rd:23: Lost braces in \itemize; meant \describe ?
checkRd: (-1) ssaBSS-package.Rd:24: Lost braces in \itemize; meant \describe ?
checkRd: (-1) ssaBSS-package.Rd:25: Lost braces in \itemize; meant \describe ?
checkRd: (-1) ssaBSS-package.Rd:26: Lost braces in \itemize; meant \describe ?
Flavors: r-devel-linux-x86_64-debian-clang, r-devel-linux-x86_64-debian-gcc, r-devel-linux-x86_64-fedora-clang, r-devel-linux-x86_64-fedora-gcc, r-devel-windows-x86_64, r-patched-linux-x86_64, r-release-linux-x86_64, r-release-macos-arm64, r-release-macos-x86_64, r-release-windows-x86_64, r-oldrel-macos-arm64, r-oldrel-macos-x86_64, r-oldrel-windows-x86_64