CRAN Package Check Results for Package ssev

Last updated on 2025-05-23 18:50:41 CEST.

Flavor Version Tinstall Tcheck Ttotal Status Flags
r-devel-linux-x86_64-debian-clang 0.1.0 2.12 23.45 25.57 OK
r-devel-linux-x86_64-debian-gcc 0.1.0 1.47 18.33 19.80 OK
r-devel-linux-x86_64-fedora-clang 0.1.0 41.23 OK
r-devel-linux-x86_64-fedora-gcc 0.1.0 38.99 OK
r-devel-windows-x86_64 0.1.0 4.00 44.00 48.00 OK
r-patched-linux-x86_64 0.1.0 2.14 22.57 24.71 OK
r-release-linux-x86_64 0.1.0 1.68 22.34 24.02 OK
r-release-macos-arm64 0.1.0 22.00 OK
r-release-macos-x86_64 0.1.0 25.00 OK
r-release-windows-x86_64 0.1.0 4.00 60.00 64.00 OK
r-oldrel-macos-arm64 0.1.0 15.00 NOTE
r-oldrel-macos-x86_64 0.1.0 24.00 NOTE
r-oldrel-windows-x86_64 0.1.0 5.00 49.00 54.00 NOTE

Check Details

Version: 0.1.0
Check: LazyData
Result: NOTE 'LazyData' is specified without a 'data' directory Flavors: r-oldrel-macos-arm64, r-oldrel-macos-x86_64, r-oldrel-windows-x86_64

mirror server hosted at Truenetwork, Russian Federation.