Last updated on 2025-05-18 06:49:28 CEST.
Flavor | Version | Tinstall | Tcheck | Ttotal | Status | Flags |
---|---|---|---|---|---|---|
r-devel-linux-x86_64-debian-clang | 0.9.4 | 4.45 | 24.77 | 29.22 | OK | |
r-devel-linux-x86_64-debian-gcc | 0.9.4 | 3.74 | 21.01 | 24.75 | OK | |
r-devel-linux-x86_64-fedora-clang | 0.9.4 | 46.88 | OK | |||
r-devel-linux-x86_64-fedora-gcc | 0.9.4 | 60.78 | OK | |||
r-devel-windows-x86_64 | 0.9.4 | 21.00 | 90.00 | 111.00 | OK | |
r-patched-linux-x86_64 | 0.9.4 | 4.29 | 24.02 | 28.31 | OK | |
r-release-linux-x86_64 | 0.9.4 | 4.38 | 24.09 | 28.47 | OK | |
r-release-macos-arm64 | 0.9.4 | 37.00 | OK | |||
r-release-macos-x86_64 | 0.9.4 | 54.00 | OK | |||
r-release-windows-x86_64 | 0.9.4 | 25.00 | 103.00 | 128.00 | OK | |
r-oldrel-macos-arm64 | 0.9.4 | 38.00 | OK | |||
r-oldrel-macos-x86_64 | 0.9.4 | 65.00 | OK | |||
r-oldrel-windows-x86_64 | 0.9.4 | 26.00 | 115.00 | 141.00 | NOTE |
Version: 0.9.4
Check: installed package size
Result: NOTE
installed size is 5.7Mb
sub-directories of 1Mb or more:
libs 4.8Mb
Flavor: r-oldrel-windows-x86_64