CRAN Package Check Results for Package ssrm.logmer

Last updated on 2025-11-24 11:50:21 CET.

Flavor Version Tinstall Tcheck Ttotal Status Flags
r-devel-linux-x86_64-debian-clang 0.1 1.91 20.72 22.63 OK
r-devel-linux-x86_64-debian-gcc 0.1 1.52 17.09 18.61 OK
r-devel-linux-x86_64-fedora-clang 0.1 35.19 OK
r-devel-linux-x86_64-fedora-gcc 0.1 31.86 OK
r-devel-windows-x86_64 0.1 5.00 44.00 49.00 OK
r-patched-linux-x86_64 0.1 1.64 19.49 21.13 OK
r-release-linux-x86_64 0.1 1.97 19.91 21.88 OK
r-release-macos-arm64 0.1 OK
r-release-macos-x86_64 0.1 2.00 23.00 25.00 OK
r-release-windows-x86_64 0.1 3.00 51.00 54.00 OK
r-oldrel-macos-arm64 0.1 NOTE
r-oldrel-macos-x86_64 0.1 2.00 19.00 21.00 NOTE
r-oldrel-windows-x86_64 0.1 4.00 45.00 49.00 NOTE

Check Details

Version: 0.1
Check: LazyData
Result: NOTE 'LazyData' is specified without a 'data' directory Flavors: r-oldrel-macos-arm64, r-oldrel-macos-x86_64, r-oldrel-windows-x86_64

mirror server hosted at Truenetwork, Russian Federation.