CRAN Package Check Results for Package ssym

Last updated on 2025-11-24 11:50:21 CET.

Flavor Version Tinstall Tcheck Ttotal Status Flags
r-devel-linux-x86_64-debian-clang 1.5.8 12.95 85.62 98.57 NOTE
r-devel-linux-x86_64-debian-gcc 1.5.8 9.93 60.62 70.55 NOTE
r-devel-linux-x86_64-fedora-clang 1.5.8 40.00 118.05 158.05 OK
r-devel-linux-x86_64-fedora-gcc 1.5.8 30.00 114.24 144.24 OK
r-devel-windows-x86_64 1.5.8 17.00 93.00 110.00 OK
r-patched-linux-x86_64 1.5.8 13.82 81.76 95.58 OK
r-release-linux-x86_64 1.5.8 14.52 81.71 96.23 OK
r-release-macos-arm64 1.5.8 OK
r-release-macos-x86_64 1.5.8 13.00 87.00 100.00 OK
r-release-windows-x86_64 1.5.8 16.00 108.00 124.00 OK
r-oldrel-macos-arm64 1.5.8 OK
r-oldrel-macos-x86_64 1.5.8 12.00 73.00 85.00 OK
r-oldrel-windows-x86_64 1.5.8 20.00 118.00 138.00 OK

Check Details

Version: 1.5.8
Check: CRAN incoming feasibility
Result: NOTE Maintainer: ‘Luis Hernando Vanegas <hvanegasp@gmail.com>’ No Authors@R field in DESCRIPTION. Please add one, modifying Authors@R: c(person(given = c("Luis", "Hernando"), family = "Vanegas", role = c("aut", "cre"), email = "hvanegasp@gmail.com"), person(given = c("Gilberto", "A."), family = "Paula", role = "aut")) as necessary. Flavors: r-devel-linux-x86_64-debian-clang, r-devel-linux-x86_64-debian-gcc

mirror server hosted at Truenetwork, Russian Federation.