Last updated on 2025-02-22 05:51:52 CET.
Flavor | Version | Tinstall | Tcheck | Ttotal | Status | Flags |
---|---|---|---|---|---|---|
r-devel-linux-x86_64-debian-clang | 1.0.6 | 19.37 | 308.34 | 327.71 | OK | |
r-devel-linux-x86_64-debian-gcc | 1.0.6 | 14.49 | 216.77 | 231.26 | OK | |
r-devel-linux-x86_64-fedora-clang | 1.0.6 | 556.29 | NOTE | |||
r-devel-linux-x86_64-fedora-gcc | 1.0.6 | 530.41 | NOTE | |||
r-devel-macos-arm64 | 1.0.6 | 146.00 | OK | |||
r-devel-macos-x86_64 | 1.0.6 | 335.00 | OK | |||
r-devel-windows-x86_64 | 1.0.6 | 20.00 | 270.00 | 290.00 | OK | |
r-patched-linux-x86_64 | 1.0.6 | 17.67 | 298.89 | 316.56 | OK | |
r-release-linux-x86_64 | 1.0.6 | 17.00 | 300.73 | 317.73 | OK | |
r-release-macos-arm64 | 1.0.6 | 121.00 | OK | |||
r-release-macos-x86_64 | 1.0.6 | 207.00 | OK | |||
r-release-windows-x86_64 | 1.0.6 | 18.00 | 277.00 | 295.00 | OK | |
r-oldrel-macos-arm64 | 1.0.6 | 171.00 | OK | |||
r-oldrel-macos-x86_64 | 1.0.6 | 235.00 | OK | |||
r-oldrel-windows-x86_64 | 1.0.6 | 26.00 | 376.00 | 402.00 | OK |
Version: 1.0.6
Check: dependencies in R code
Result: NOTE
Namespace in Imports field not imported from: ‘knitr’
All declared Imports should be used.
Flavors: r-devel-linux-x86_64-fedora-clang, r-devel-linux-x86_64-fedora-gcc