Last updated on 2025-11-03 17:50:04 CET.
| Flavor | Version | Tinstall | Tcheck | Ttotal | Status | Flags |
|---|---|---|---|---|---|---|
| r-devel-linux-x86_64-debian-clang | 1.1.6 | 4.29 | 29.36 | 33.65 | NOTE | |
| r-devel-linux-x86_64-debian-gcc | 1.1.6 | 3.18 | 22.95 | 26.13 | NOTE | |
| r-devel-linux-x86_64-fedora-clang | 1.1.6 | 47.75 | NOTE | |||
| r-devel-linux-x86_64-fedora-gcc | 1.1.6 | 11.00 | 36.13 | 47.13 | NOTE | |
| r-devel-windows-x86_64 | 1.1.6 | 7.00 | 50.00 | 57.00 | NOTE | |
| r-patched-linux-x86_64 | 1.1.6 | 4.22 | 26.24 | 30.46 | NOTE | |
| r-release-linux-x86_64 | 1.1.6 | 3.89 | 26.37 | 30.26 | NOTE | |
| r-release-macos-arm64 | 1.1.6 | 3.00 | 18.00 | 21.00 | NOTE | |
| r-release-macos-x86_64 | 1.1.6 | 5.00 | 28.00 | 33.00 | NOTE | |
| r-release-windows-x86_64 | 1.1.6 | 7.00 | 50.00 | 57.00 | NOTE | |
| r-oldrel-macos-arm64 | 1.1.6 | 3.00 | 15.00 | 18.00 | NOTE | |
| r-oldrel-macos-x86_64 | 1.1.6 | 6.00 | 33.00 | 39.00 | NOTE | |
| r-oldrel-windows-x86_64 | 1.1.6 | 6.00 | 50.00 | 56.00 | NOTE |
Version: 1.1.6
Check: package subdirectories
Result: NOTE
Problems with news in ‘NEWS.md’:
No news entries found.
Flavors: r-devel-linux-x86_64-debian-clang, r-devel-linux-x86_64-debian-gcc, r-devel-linux-x86_64-fedora-clang, r-devel-linux-x86_64-fedora-gcc, r-devel-windows-x86_64, r-patched-linux-x86_64, r-release-linux-x86_64, r-release-macos-arm64, r-release-macos-x86_64, r-release-windows-x86_64, r-oldrel-macos-arm64, r-oldrel-macos-x86_64, r-oldrel-windows-x86_64