Last updated on 2024-06-29 12:48:32 CEST.
Flavor | Version | Tinstall | Tcheck | Ttotal | Status | Flags |
---|---|---|---|---|---|---|
r-devel-linux-x86_64-debian-clang | 0.7.1 | 3.32 | 52.16 | 55.48 | NOTE | --no-vignettes |
r-devel-linux-x86_64-debian-gcc | 0.7.1 | 2.55 | 38.01 | 40.56 | NOTE | --no-vignettes |
r-devel-linux-x86_64-fedora-clang | 0.7.1 | 1750.82 | NOTE | |||
r-devel-linux-x86_64-fedora-gcc | 0.7.1 | 1792.40 | NOTE | |||
r-devel-windows-x86_64 | 0.7.1 | 3.00 | 852.00 | 855.00 | NOTE | |
r-patched-linux-x86_64 | 0.7.1 | 5.12 | 49.90 | 55.02 | NOTE | --no-vignettes |
r-release-linux-x86_64 | 0.7.1 | 3.34 | 49.56 | 52.90 | NOTE | --no-vignettes |
r-release-macos-arm64 | 0.7.1 | 277.00 | NOTE | |||
r-release-macos-x86_64 | 0.7.1 | 635.00 | NOTE | |||
r-release-windows-x86_64 | 0.7.1 | 5.00 | 840.00 | 845.00 | NOTE | |
r-oldrel-macos-arm64 | 0.7.1 | 314.00 | NOTE | |||
r-oldrel-macos-x86_64 | 0.7.1 | 714.00 | NOTE | |||
r-oldrel-windows-x86_64 | 0.7.1 | 3.00 | 1026.00 | 1029.00 | NOTE |
Version: 0.7.1
Flags: --no-vignettes
Check: LazyData
Result: NOTE
'LazyData' is specified without a 'data' directory
Flavors: r-devel-linux-x86_64-debian-clang, r-devel-linux-x86_64-debian-gcc, r-patched-linux-x86_64, r-release-linux-x86_64
Version: 0.7.1
Check: LazyData
Result: NOTE
'LazyData' is specified without a 'data' directory
Flavors: r-devel-linux-x86_64-fedora-clang, r-devel-linux-x86_64-fedora-gcc, r-devel-windows-x86_64, r-release-macos-arm64, r-release-macos-x86_64, r-release-windows-x86_64, r-oldrel-macos-arm64, r-oldrel-macos-x86_64, r-oldrel-windows-x86_64