Last updated on 2025-05-15 18:51:01 CEST.
Flavor | Version | Tinstall | Tcheck | Ttotal | Status | Flags |
---|---|---|---|---|---|---|
r-devel-linux-x86_64-debian-clang | 1.0.8 | 14.61 | 386.85 | 401.46 | OK | |
r-devel-linux-x86_64-debian-gcc | 1.0.8 | 10.26 | 276.45 | 286.71 | OK | |
r-devel-linux-x86_64-fedora-clang | 1.0.8 | 648.36 | OK | |||
r-devel-linux-x86_64-fedora-gcc | 1.0.8 | 658.41 | OK | |||
r-devel-windows-x86_64 | 1.0.8 | 16.00 | 384.00 | 400.00 | OK | |
r-patched-linux-x86_64 | 1.0.8 | 13.86 | 392.41 | 406.27 | OK | |
r-release-linux-x86_64 | 1.0.8 | 13.45 | 390.69 | 404.14 | OK | |
r-release-macos-arm64 | 1.0.8 | 130.00 | OK | |||
r-release-macos-x86_64 | 1.0.8 | 250.00 | OK | |||
r-release-windows-x86_64 | 1.0.8 | 16.00 | 375.00 | 391.00 | OK | |
r-oldrel-macos-arm64 | 1.0.8 | 140.00 | NOTE | |||
r-oldrel-macos-x86_64 | 1.0.8 | 264.00 | NOTE | |||
r-oldrel-windows-x86_64 | 1.0.8 | 21.00 | 525.00 | 546.00 | NOTE |
Version: 1.0.8
Check: package dependencies
Result: NOTE
Package suggested but not available for checking: ‘asreml’
Flavors: r-oldrel-macos-arm64, r-oldrel-macos-x86_64, r-oldrel-windows-x86_64
Version: 1.0.8
Check: installed package size
Result: NOTE
installed size is 5.0Mb
sub-directories of 1Mb or more:
data 3.5Mb
Flavors: r-oldrel-macos-arm64, r-oldrel-macos-x86_64