CRAN Package Check Results for Package statip

Last updated on 2025-05-17 12:50:38 CEST.

Flavor Version Tinstall Tcheck Ttotal Status Flags
r-devel-linux-x86_64-debian-clang 0.2.3 3.33 27.12 30.45 OK
r-devel-linux-x86_64-debian-gcc 0.2.3 2.50 21.22 23.72 OK
r-devel-linux-x86_64-fedora-clang 0.2.3 46.02 OK
r-devel-linux-x86_64-fedora-gcc 0.2.3 43.88 OK
r-devel-windows-x86_64 0.2.3 7.00 52.00 59.00 OK
r-patched-linux-x86_64 0.2.3 3.27 24.95 28.22 OK
r-release-linux-x86_64 0.2.3 3.42 25.07 28.49 OK
r-release-macos-arm64 0.2.3 21.00 OK
r-release-macos-x86_64 0.2.3 34.00 OK
r-release-windows-x86_64 0.2.3 7.00 54.00 61.00 OK
r-oldrel-macos-arm64 0.2.3 19.00 NOTE
r-oldrel-macos-x86_64 0.2.3 30.00 NOTE
r-oldrel-windows-x86_64 0.2.3 7.00 59.00 66.00 NOTE

Check Details

Version: 0.2.3
Check: LazyData
Result: NOTE 'LazyData' is specified without a 'data' directory Flavors: r-oldrel-macos-arm64, r-oldrel-macos-x86_64, r-oldrel-windows-x86_64

mirror server hosted at Truenetwork, Russian Federation.