Last updated on 2025-11-02 23:49:53 CET.
| Flavor | Version | Tinstall | Tcheck | Ttotal | Status | Flags |
|---|---|---|---|---|---|---|
| r-devel-linux-x86_64-debian-clang | 3.4.0 | 2.76 | 109.41 | 112.17 | OK | |
| r-devel-linux-x86_64-debian-gcc | 3.4.0 | 2.16 | 85.04 | 87.20 | OK | |
| r-devel-linux-x86_64-fedora-clang | 3.4.0 | 163.83 | OK | |||
| r-devel-linux-x86_64-fedora-gcc | 3.4.0 | 14.00 | 185.55 | 199.55 | OK | |
| r-devel-windows-x86_64 | 3.4.0 | 5.00 | 130.00 | 135.00 | OK | |
| r-patched-linux-x86_64 | 3.4.0 | 3.31 | 110.56 | 113.87 | OK | |
| r-release-linux-x86_64 | 3.4.0 | 2.77 | 97.73 | 100.50 | OK | |
| r-release-macos-arm64 | 3.4.0 | 1.00 | 84.00 | 85.00 | OK | |
| r-release-macos-x86_64 | 3.4.0 | 4.00 | 171.00 | 175.00 | OK | |
| r-release-windows-x86_64 | 3.4.0 | 6.00 | 136.00 | 142.00 | OK | |
| r-oldrel-macos-arm64 | 3.4.0 | 2.00 | 82.00 | 84.00 | NOTE | |
| r-oldrel-macos-x86_64 | 3.4.0 | 4.00 | 143.00 | 147.00 | NOTE | |
| r-oldrel-windows-x86_64 | 3.4.0 | 9.00 | 169.00 | 178.00 | NOTE |
Version: 3.4.0
Check: installed package size
Result: NOTE
installed size is 5.8Mb
sub-directories of 1Mb or more:
doc 3.5Mb
help 1.6Mb
Flavors: r-oldrel-macos-arm64, r-oldrel-macos-x86_64, r-oldrel-windows-x86_64
Version: 3.4.0
Check: package dependencies
Result: NOTE
Package suggested but not available for checking: ‘osmdata’
Flavor: r-oldrel-macos-x86_64