CRAN Package Check Results for Package stats4teaching

Last updated on 2025-11-03 17:50:04 CET.

Flavor Version Tinstall Tcheck Ttotal Status Flags
r-devel-linux-x86_64-debian-clang 0.1.0 2.87 36.26 39.13 NOTE
r-devel-linux-x86_64-debian-gcc 0.1.0 2.00 28.71 30.71 NOTE
r-devel-linux-x86_64-fedora-clang 0.1.0 10.00 49.43 59.43 NOTE
r-devel-linux-x86_64-fedora-gcc 0.1.0 53.77 NOTE
r-devel-windows-x86_64 0.1.0 6.00 61.00 67.00 NOTE
r-patched-linux-x86_64 0.1.0 2.57 34.28 36.85 NOTE
r-release-linux-x86_64 0.1.0 2.78 33.95 36.73 NOTE
r-release-macos-arm64 0.1.0 1.00 19.00 20.00 NOTE
r-release-macos-x86_64 0.1.0 2.00 39.00 41.00 NOTE
r-release-windows-x86_64 0.1.0 6.00 60.00 66.00 NOTE
r-oldrel-macos-arm64 0.1.0 1.00 19.00 20.00 NOTE
r-oldrel-macos-x86_64 0.1.0 2.00 24.00 26.00 NOTE
r-oldrel-windows-x86_64 0.1.0 7.00 71.00 78.00 NOTE

Check Details

Version: 0.1.0
Check: Rd files
Result: NOTE checkRd: (-1) sample2indp.pow.Rd:48: Lost braces 48 | Pooled standard deviation= \code{sp} = sqrt{((n1 - 1) sigma1^2 +(n2 - 1) sigma2^2) / (n1 + n2 - 2)} | ^ Flavors: r-devel-linux-x86_64-debian-clang, r-devel-linux-x86_64-debian-gcc, r-devel-linux-x86_64-fedora-clang, r-devel-linux-x86_64-fedora-gcc, r-devel-windows-x86_64, r-patched-linux-x86_64, r-release-linux-x86_64, r-release-macos-arm64, r-release-macos-x86_64, r-release-windows-x86_64, r-oldrel-macos-arm64, r-oldrel-macos-x86_64, r-oldrel-windows-x86_64

mirror server hosted at Truenetwork, Russian Federation.