CRAN Package Check Results for Package stmgui

Last updated on 2025-07-12 12:48:43 CEST.

Flavor Version Tinstall Tcheck Ttotal Status Flags
r-devel-linux-x86_64-debian-clang 0.1.6 8.17 69.12 77.29 NOTE
r-devel-linux-x86_64-debian-gcc 0.1.6 6.57 49.97 56.54 NOTE
r-devel-linux-x86_64-fedora-clang 0.1.6 121.56 OK
r-devel-linux-x86_64-fedora-gcc 0.1.6 112.66 OK
r-devel-windows-x86_64 0.1.6 8.00 80.00 88.00 OK
r-patched-linux-x86_64 0.1.6 8.64 64.63 73.27 OK
r-release-linux-x86_64 0.1.6 7.95 64.90 72.85 OK
r-release-macos-arm64 0.1.6 48.00 OK
r-release-macos-x86_64 0.1.6 71.00 OK
r-release-windows-x86_64 0.1.6 9.00 80.00 89.00 OK
r-oldrel-macos-arm64 0.1.6 37.00 OK
r-oldrel-macos-x86_64 0.1.6 53.00 OK
r-oldrel-windows-x86_64 0.1.6 12.00 100.00 112.00 OK

Check Details

Version: 0.1.6
Check: CRAN incoming feasibility
Result: NOTE Maintainer: ‘Dan Zangri <dzangri@gmail.com>’ No Authors@R field in DESCRIPTION. Please add one, modifying Authors@R: c(person(given = "Dan", family = "Zangri", role = c("aut", "cre"), email = "dzangri@gmail.com"), person(given = "Dustin", family = "Tingley", role = "ctb"), person(given = "Brandon", family = "Stewart", role = "ctb")) as necessary. Found the following \keyword or \concept entries which likely give several index terms: File ‘stmgui-package.Rd’: \keyword{ stm, shiny } Flavors: r-devel-linux-x86_64-debian-clang, r-devel-linux-x86_64-debian-gcc

mirror server hosted at Truenetwork, Russian Federation.