CRAN Package Check Results for Package stochQN

Last updated on 2025-05-11 12:50:35 CEST.

Flavor Version Tinstall Tcheck Ttotal Status Flags
r-devel-linux-x86_64-debian-clang 0.1.2-1 4.62 28.44 33.06 NOTE
r-devel-linux-x86_64-debian-gcc 0.1.2-1 3.23 22.97 26.20 NOTE
r-devel-linux-x86_64-fedora-clang 0.1.2-1 49.50 OK
r-devel-linux-x86_64-fedora-gcc 0.1.2-1 46.58 OK
r-devel-windows-x86_64 0.1.2-1 8.00 59.00 67.00 OK
r-patched-linux-x86_64 0.1.2-1 5.02 26.09 31.11 OK
r-release-linux-x86_64 0.1.2-1 4.06 26.26 30.32 OK
r-release-macos-arm64 0.1.2-1 23.00 OK
r-release-macos-x86_64 0.1.2-1 34.00 OK
r-release-windows-x86_64 0.1.2-1 10.00 64.00 74.00 OK
r-oldrel-macos-arm64 0.1.2-1 19.00 OK
r-oldrel-macos-x86_64 0.1.2-1 26.00 OK
r-oldrel-windows-x86_64 0.1.2-1 8.00 50.00 58.00 OK

Check Details

Version: 0.1.2-1
Check: CRAN incoming feasibility
Result: NOTE Maintainer: ‘David Cortes <david.cortes.rivera@gmail.com>’ No Authors@R field in DESCRIPTION. Please add one, modifying Authors@R: person(given = "David", family = "Cortes", role = c("aut", "cre"), email = "david.cortes.rivera@gmail.com") as necessary. The Description field contains 2016 <arXiv:1401.7020>), adaQN (adaptive quasi-Newton) (Keskar, N.S., Berahas, A.S., 2016, <arXiv:1511.01169>). Provides functions for Please refer to arXiv e-prints via their arXiv DOI <doi:10.48550/arXiv.YYMM.NNNNN>. Flavors: r-devel-linux-x86_64-debian-clang, r-devel-linux-x86_64-debian-gcc

mirror server hosted at Truenetwork, Russian Federation.