Last updated on 2025-11-02 11:50:38 CET.
| Flavor | Version | Tinstall | Tcheck | Ttotal | Status | Flags |
|---|---|---|---|---|---|---|
| r-devel-linux-x86_64-debian-clang | 2.0-3 | 87.34 | 178.60 | 265.94 | OK | |
| r-devel-linux-x86_64-debian-gcc | 2.0-3 | 68.71 | 116.16 | 184.87 | OK | |
| r-devel-linux-x86_64-fedora-clang | 2.0-3 | 176.00 | 260.20 | 436.20 | OK | |
| r-devel-linux-x86_64-fedora-gcc | 2.0-3 | 161.00 | 276.22 | 437.22 | OK | |
| r-devel-windows-x86_64 | 2.0-3 | 108.00 | 244.00 | 352.00 | OK | |
| r-patched-linux-x86_64 | 2.0-3 | 99.17 | 167.53 | 266.70 | OK | |
| r-release-linux-x86_64 | 2.0-3 | 92.18 | 167.30 | 259.48 | OK | |
| r-release-macos-arm64 | 2.0-3 | 38.00 | 87.00 | 125.00 | OK | |
| r-release-macos-x86_64 | 2.0-3 | 37.00 | 183.00 | 220.00 | OK | |
| r-release-windows-x86_64 | 2.0-3 | 106.00 | 241.00 | 347.00 | OK | |
| r-oldrel-macos-arm64 | 2.0-3 | 30.00 | 75.00 | 105.00 | NOTE | |
| r-oldrel-macos-x86_64 | 2.0-3 | 39.00 | 143.00 | 182.00 | NOTE | |
| r-oldrel-windows-x86_64 | 2.0-3 | 126.00 | 295.00 | 421.00 | OK |
Version: 2.0-3
Check: installed package size
Result: NOTE
installed size is 13.7Mb
sub-directories of 1Mb or more:
doc 1.7Mb
libs 10.8Mb
Flavors: r-oldrel-macos-arm64, r-oldrel-macos-x86_64