Last updated on 2025-11-24 11:50:21 CET.
| Flavor | Version | Tinstall | Tcheck | Ttotal | Status | Flags |
|---|---|---|---|---|---|---|
| r-devel-linux-x86_64-debian-clang | 0.17.0 | 20.89 | 108.67 | 129.56 | OK | |
| r-devel-linux-x86_64-debian-gcc | 0.17.0 | 18.10 | 74.61 | 92.71 | OK | |
| r-devel-linux-x86_64-fedora-clang | 0.17.0 | 134.00 | 100.04 | 234.04 | OK | |
| r-devel-linux-x86_64-fedora-gcc | 0.17.0 | 119.00 | 120.10 | 239.10 | OK | |
| r-devel-windows-x86_64 | 0.17.0 | 82.00 | 157.00 | 239.00 | OK | |
| r-patched-linux-x86_64 | 0.17.0 | 22.40 | 102.31 | 124.71 | OK | |
| r-release-linux-x86_64 | 0.17.0 | 23.34 | 103.25 | 126.59 | OK | |
| r-release-macos-arm64 | 0.17.0 | OK | ||||
| r-release-macos-x86_64 | 0.17.0 | 25.00 | 158.00 | 183.00 | OK | |
| r-release-windows-x86_64 | 0.17.0 | 59.00 | 164.00 | 223.00 | OK | |
| r-oldrel-macos-arm64 | 0.17.0 | NOTE | ||||
| r-oldrel-macos-x86_64 | 0.17.0 | 17.00 | 129.00 | 146.00 | NOTE | |
| r-oldrel-windows-x86_64 | 0.17.0 | 59.00 | 193.00 | 252.00 | NOTE |
Version: 0.17.0
Check: for GNU extensions in Makefiles
Result: NOTE
GNU make is a SystemRequirements.
Flavors: r-oldrel-macos-arm64, r-oldrel-macos-x86_64, r-oldrel-windows-x86_64