CRAN Package Check Results for Package stringmagic

Last updated on 2025-11-24 11:50:21 CET.

Flavor Version Tinstall Tcheck Ttotal Status Flags
r-devel-linux-x86_64-debian-clang 1.2.0 29.74 89.61 119.35 OK
r-devel-linux-x86_64-debian-gcc 1.2.0 22.83 65.53 88.36 OK
r-devel-linux-x86_64-fedora-clang 1.2.0 74.00 120.12 194.12 OK
r-devel-linux-x86_64-fedora-gcc 1.2.0 66.00 132.82 198.82 OK
r-devel-windows-x86_64 1.2.0 44.00 132.00 176.00 OK
r-patched-linux-x86_64 1.2.0 32.38 79.86 112.24 OK
r-release-linux-x86_64 1.2.0 31.78 79.93 111.71 OK
r-release-macos-arm64 1.2.0 OK
r-release-macos-x86_64 1.2.0 20.00 103.00 123.00 OK
r-release-windows-x86_64 1.2.0 37.00 137.00 174.00 OK
r-oldrel-macos-arm64 1.2.0 NOTE
r-oldrel-macos-x86_64 1.2.0 23.00 96.00 119.00 NOTE
r-oldrel-windows-x86_64 1.2.0 40.00 157.00 197.00 NOTE

Additional issues

rchk

Check Details

Version: 1.2.0
Check: installed package size
Result: NOTE installed size is 10.0Mb sub-directories of 1Mb or more: doc 7.2Mb libs 2.0Mb Flavors: r-oldrel-macos-arm64, r-oldrel-macos-x86_64, r-oldrel-windows-x86_64

mirror server hosted at Truenetwork, Russian Federation.