CRAN Package Check Results for Package summariser

Last updated on 2025-07-09 12:49:50 CEST.

Flavor Version Tinstall Tcheck Ttotal Status Flags
r-devel-linux-x86_64-debian-clang 2.3.0 1.63 20.29 21.92 OK
r-devel-linux-x86_64-debian-gcc 2.3.0 1.24 16.52 17.76 OK
r-devel-linux-x86_64-fedora-clang 2.3.0 33.50 OK
r-devel-linux-x86_64-fedora-gcc 2.3.0 31.51 OK
r-devel-windows-x86_64 2.3.0 3.00 41.00 44.00 OK
r-patched-linux-x86_64 2.3.0 1.70 19.10 20.80 OK
r-release-linux-x86_64 2.3.0 1.64 18.92 20.56 OK
r-release-macos-arm64 2.3.0 16.00 OK
r-release-macos-x86_64 2.3.0 23.00 OK
r-release-windows-x86_64 2.3.0 3.00 41.00 44.00 OK
r-oldrel-macos-arm64 2.3.0 15.00 NOTE
r-oldrel-macos-x86_64 2.3.0 22.00 NOTE
r-oldrel-windows-x86_64 2.3.0 3.00 45.00 48.00 NOTE

Check Details

Version: 2.3.0
Check: LazyData
Result: NOTE 'LazyData' is specified without a 'data' directory Flavors: r-oldrel-macos-arm64, r-oldrel-macos-x86_64, r-oldrel-windows-x86_64

mirror server hosted at Truenetwork, Russian Federation.