Last updated on 2025-11-03 11:49:54 CET.
| Flavor | Version | Tinstall | Tcheck | Ttotal | Status | Flags |
|---|---|---|---|---|---|---|
| r-devel-linux-x86_64-debian-clang | 2.0.0 | 2.43 | 169.13 | 171.56 | OK | |
| r-devel-linux-x86_64-debian-gcc | 2.0.0 | 3.08 | 111.11 | 114.19 | OK | |
| r-devel-linux-x86_64-fedora-clang | 2.0.0 | 267.24 | OK | |||
| r-devel-linux-x86_64-fedora-gcc | 2.0.0 | 15.00 | 259.25 | 274.25 | OK | |
| r-devel-windows-x86_64 | 2.0.0 | 3.00 | 174.00 | 177.00 | OK | |
| r-patched-linux-x86_64 | 2.0.0 | 2.00 | 162.07 | 164.07 | OK | |
| r-release-linux-x86_64 | 2.0.0 | 1.91 | 162.95 | 164.86 | OK | |
| r-release-macos-arm64 | 2.0.0 | 2.00 | 157.00 | 159.00 | OK | |
| r-release-macos-x86_64 | 2.0.0 | 2.00 | 146.00 | 148.00 | OK | |
| r-release-windows-x86_64 | 2.0.0 | 3.00 | 171.00 | 174.00 | OK | |
| r-oldrel-macos-arm64 | 2.0.0 | 2.00 | 128.00 | 130.00 | NOTE | |
| r-oldrel-macos-x86_64 | 2.0.0 | 2.00 | 147.00 | 149.00 | NOTE | |
| r-oldrel-windows-x86_64 | 2.0.0 | 4.00 | 233.00 | 237.00 | NOTE |
Version: 2.0.0
Check: LazyData
Result: NOTE
'LazyData' is specified without a 'data' directory
Flavors: r-oldrel-macos-arm64, r-oldrel-macos-x86_64, r-oldrel-windows-x86_64