Last updated on 2025-11-04 05:51:27 CET.
| Flavor | Version | Tinstall | Tcheck | Ttotal | Status | Flags | 
|---|---|---|---|---|---|---|
| r-devel-linux-x86_64-debian-clang | 1.0.4 | 2.15 | 24.30 | 26.45 | OK | |
| r-devel-linux-x86_64-debian-gcc | 1.0.4 | 1.87 | 18.75 | 20.62 | OK | |
| r-devel-linux-x86_64-fedora-clang | 1.0.4 | 38.36 | NOTE | |||
| r-devel-linux-x86_64-fedora-gcc | 1.0.4 | 38.18 | NOTE | |||
| r-devel-windows-x86_64 | 1.0.4 | 6.00 | 48.00 | 54.00 | OK | |
| r-patched-linux-x86_64 | 1.0.4 | 3.08 | 22.88 | 25.96 | OK | |
| r-release-linux-x86_64 | 1.0.4 | 2.09 | 23.05 | 25.14 | OK | |
| r-release-macos-arm64 | 1.0.4 | 1.00 | 16.00 | 17.00 | OK | |
| r-release-macos-x86_64 | 1.0.4 | 2.00 | 24.00 | 26.00 | OK | |
| r-release-windows-x86_64 | 1.0.4 | 6.00 | 49.00 | 55.00 | OK | |
| r-oldrel-macos-arm64 | 1.0.4 | 1.00 | 17.00 | 18.00 | OK | |
| r-oldrel-macos-x86_64 | 1.0.4 | 2.00 | 21.00 | 23.00 | OK | |
| r-oldrel-windows-x86_64 | 1.0.4 | 6.00 | 54.00 | 60.00 | OK | 
Version: 1.0.4
Check: dependencies in R code
Result: NOTE
  Namespace in Imports field not imported from: ‘learnr’
    All declared Imports should be used.
Flavors: r-devel-linux-x86_64-fedora-clang, r-devel-linux-x86_64-fedora-gcc